CRAN Package Check Results for Package MultBiplotR

Last updated on 2021-08-02 19:50:56 CEST.

Flavor Version Tinstall Tcheck Ttotal Status Flags
r-devel-linux-x86_64-debian-clang 1.3.30 39.15 260.64 299.79 OK
r-devel-linux-x86_64-debian-gcc 1.3.30 31.08 191.09 222.17 OK
r-devel-linux-x86_64-fedora-clang 1.3.30 366.01 NOTE
r-devel-linux-x86_64-fedora-gcc 1.3.30 350.49 NOTE
r-devel-windows-x86_64 1.3.30 78.00 341.00 419.00 OK
r-devel-windows-x86_64-gcc10-UCRT 1.3.30 NOTE
r-patched-linux-x86_64 1.3.30 OK
r-patched-solaris-x86 1.3.30 423.10 NOTE
r-release-linux-x86_64 1.3.30 36.70 244.88 281.58 OK
r-release-macos-arm64 1.3.30 NOTE
r-release-macos-x86_64 1.3.30 NOTE
r-release-windows-ix86+x86_64 1.3.30 74.00 234.00 308.00 OK
r-oldrel-macos-x86_64 1.3.30 NOTE
r-oldrel-windows-ix86+x86_64 1.3.30 80.00 324.00 404.00 OK

Check Details

Version: 1.3.30
Check: dependencies in R code
Result: NOTE
    Namespace in Imports field not imported from: ‘polycor’
     All declared Imports should be used.
Flavors: r-devel-linux-x86_64-fedora-clang, r-devel-linux-x86_64-fedora-gcc, r-devel-windows-x86_64-gcc10-UCRT, r-patched-solaris-x86, r-release-macos-arm64, r-release-macos-x86_64, r-oldrel-macos-x86_64