CRAN Package Check Results for Package MuChPoint

Last updated on 2024-02-24 18:54:56 CET.

Flavor Version Tinstall Tcheck Ttotal Status Flags
r-devel-linux-x86_64-debian-clang 0.6.3 20.15 35.61 55.76 OK
r-devel-linux-x86_64-debian-gcc 0.6.3 16.51 27.38 43.89 OK
r-devel-linux-x86_64-fedora-clang 0.6.3 78.57 NOTE
r-devel-linux-x86_64-fedora-gcc 0.6.3 74.67 NOTE
r-devel-windows-x86_64 0.6.3 19.00 68.00 87.00 OK
r-patched-linux-x86_64 0.6.3 24.33 34.73 59.06 OK
r-release-linux-x86_64 0.6.3 19.43 34.87 54.30 OK
r-release-macos-arm64 0.6.3 31.00 OK
r-release-macos-x86_64 0.6.3 37.00 OK
r-release-windows-x86_64 0.6.3 24.00 73.00 97.00 OK
r-oldrel-macos-arm64 0.6.3 25.00 NOTE
r-oldrel-windows-x86_64 0.6.3 24.00 81.00 105.00 OK

Check Details

Version: 0.6.3
Check: dependencies in R code
Result: NOTE Namespaces in Imports field not imported from: ‘Matrix’ ‘capushe’ ‘shiny’ All declared Imports should be used. Flavors: r-devel-linux-x86_64-fedora-clang, r-devel-linux-x86_64-fedora-gcc, r-oldrel-macos-arm64