CRAN Package Check Results for Package MomTrunc

Last updated on 2021-10-24 13:55:43 CEST.

Flavor Version Tinstall Tcheck Ttotal Status Flags
r-devel-linux-x86_64-debian-clang 5.97 64.67 81.09 145.76 OK
r-devel-linux-x86_64-debian-gcc 5.97 55.24 59.34 114.58 OK
r-devel-linux-x86_64-fedora-clang 5.97 228.18 NOTE
r-devel-linux-x86_64-fedora-gcc 5.97 194.64 OK
r-devel-windows-x86_64 5.97 84.00 88.00 172.00 OK
r-devel-windows-x86_64-gcc10-UCRT 5.97 OK
r-patched-linux-x86_64 5.97 62.58 78.35 140.93 OK
r-patched-solaris-x86 5.97 201.40 OK
r-release-linux-x86_64 5.97 60.28 78.36 138.64 OK
r-release-macos-arm64 5.97 NOTE
r-release-macos-x86_64 5.97 NOTE
r-release-windows-ix86+x86_64 5.97 108.00 124.00 232.00 OK
r-oldrel-macos-x86_64 5.97 NOTE
r-oldrel-windows-ix86+x86_64 5.97 151.00 137.00 288.00 OK

Check Details

Version: 5.97
Check: installed package size
Result: NOTE
     installed size is 6.1Mb
     sub-directories of 1Mb or more:
     libs 5.5Mb
Flavors: r-devel-linux-x86_64-fedora-clang, r-release-macos-arm64, r-release-macos-x86_64, r-oldrel-macos-x86_64