CRAN Package Check Results for Package MixTwice

Last updated on 2023-02-08 18:51:25 CET.

Flavor Version Tinstall Tcheck Ttotal Status Flags
r-devel-linux-x86_64-debian-clang 2.0 2.94 29.01 31.95 OK
r-devel-linux-x86_64-debian-gcc 2.0 2.05 21.92 23.97 OK
r-devel-linux-x86_64-fedora-clang 2.0 38.88 NOTE
r-devel-linux-x86_64-fedora-gcc 2.0 37.90 NOTE
r-devel-windows-x86_64 2.0 8.00 57.00 65.00 OK
r-patched-linux-x86_64 2.0 2.58 28.43 31.01 OK
r-release-linux-x86_64 2.0 1.89 28.17 30.06 OK
r-release-macos-arm64 2.0 19.00 NOTE
r-release-macos-x86_64 2.0 25.00 NOTE
r-release-windows-x86_64 2.0 11.00 61.00 72.00 OK
r-oldrel-macos-arm64 2.0 19.00 NOTE
r-oldrel-macos-x86_64 2.0 23.00 NOTE
r-oldrel-windows-ix86+x86_64 2.0 6.00 54.00 60.00 OK

Check Details

Version: 2.0
Check: dependencies in R code
Result: NOTE
    Namespaces in Imports field not imported from:
     ‘ashr’ ‘fdrtool’
     All declared Imports should be used.
Flavors: r-devel-linux-x86_64-fedora-clang, r-devel-linux-x86_64-fedora-gcc, r-release-macos-arm64, r-release-macos-x86_64, r-oldrel-macos-arm64, r-oldrel-macos-x86_64