CRAN Package Check Results for Package MinBAR

Last updated on 2021-06-19 01:50:25 CEST.

Flavor Version Tinstall Tcheck Ttotal Status Flags
r-devel-linux-x86_64-debian-clang 1.1.2 10.48 99.77 110.25 OK
r-devel-linux-x86_64-debian-gcc 1.1.2 7.40 75.53 82.93 OK
r-devel-linux-x86_64-fedora-clang 1.1.2 153.59 NOTE
r-devel-linux-x86_64-fedora-gcc 1.1.2 128.85 NOTE
r-devel-windows-x86_64 1.1.2 18.00 129.00 147.00 OK
r-devel-windows-x86_64-gcc10-UCRT 1.1.2 NOTE
r-patched-linux-x86_64 1.1.2 10.23 94.10 104.33 OK
r-patched-solaris-x86 1.1.2 194.70 NOTE
r-release-linux-x86_64 1.1.2 9.82 94.76 104.58 OK
r-release-macos-arm64 1.1.2 NOTE
r-release-macos-x86_64 1.1.2 NOTE
r-release-windows-ix86+x86_64 1.1.2 25.00 131.00 156.00 OK
r-oldrel-macos-x86_64 1.1.2 NOTE
r-oldrel-windows-ix86+x86_64 1.1.2 17.00 115.00 132.00 OK

Check Details

Version: 1.1.2
Check: dependencies in R code
Result: NOTE
    Namespace in Imports field not imported from: ‘rgdal’
     All declared Imports should be used.
Flavors: r-devel-linux-x86_64-fedora-clang, r-devel-linux-x86_64-fedora-gcc, r-devel-windows-x86_64-gcc10-UCRT, r-patched-solaris-x86, r-release-macos-arm64, r-release-macos-x86_64, r-oldrel-macos-x86_64