Last updated on 2023-12-06 00:58:19 CET.
Flavor | Version | Tinstall | Tcheck | Ttotal | Status | Flags |
---|---|---|---|---|---|---|
r-devel-linux-x86_64-debian-clang | 2.0.0 | 3.49 | 59.67 | 63.16 | NOTE | |
r-devel-linux-x86_64-debian-gcc | 2.0.0 | 3.30 | 48.85 | 52.15 | NOTE | |
r-devel-linux-x86_64-fedora-clang | 2.0.0 | 80.26 | NOTE | |||
r-devel-linux-x86_64-fedora-gcc | 2.0.0 | 88.99 | NOTE | |||
r-devel-windows-x86_64 | 2.0.0 | 4.00 | 311.00 | 315.00 | NOTE | |
r-patched-linux-x86_64 | 2.0.0 | 4.45 | 61.37 | 65.82 | OK | |
r-release-linux-x86_64 | 2.0.0 | 3.25 | 59.31 | 62.56 | OK | |
r-release-macos-arm64 | 2.0.0 | 126.00 | OK | |||
r-release-macos-x86_64 | 2.0.0 | 237.00 | OK | |||
r-release-windows-x86_64 | 2.0.0 | 5.00 | 346.00 | 351.00 | OK | |
r-oldrel-macos-arm64 | 2.0.0 | 101.00 | OK | |||
r-oldrel-macos-x86_64 | 2.0.0 | 150.00 | OK | |||
r-oldrel-windows-x86_64 | 2.0.0 | 5.00 | 356.00 | 361.00 | OK |
Version: 2.0.0
Check: Rd files
Result: NOTE
checkRd: (-1) micSim.Rd:73: Lost braces; missing escapes or markup?
73 | Be aware that this is only an approximation since this formula belongs to a time-homogeneuous Markov model and not to the more flexible time-inhomogeneuous Markov model (as used by MicSim). Thus, here for the time interval covered by $p_{ij}$ a time-homogeneuous Markov model is assumed. Many users may have annual transition probabilities at hand, i.e., \eqn{t=1}.
| ^
Flavors: r-devel-linux-x86_64-debian-clang, r-devel-linux-x86_64-debian-gcc
Version: 2.0.0
Check: Rd contents
Result: NOTE
Argument items with no description in Rd file 'micSimParallel.Rd':
‘transitionMatrix’ ‘absStates’ ‘varInitStates’ ‘initStatesProb’
‘fixInitStates’ ‘maxAge’ ‘simHorizon’ ‘fertTr’
Flavors: r-devel-linux-x86_64-debian-clang, r-devel-linux-x86_64-debian-gcc, r-devel-linux-x86_64-fedora-clang, r-devel-linux-x86_64-fedora-gcc, r-devel-windows-x86_64