CRAN Package Check Results for Package MethComp

Last updated on 2021-09-28 07:48:33 CEST.

Flavor Version Tinstall Tcheck Ttotal Status Flags
r-devel-linux-x86_64-debian-clang 1.30.0 7.43 91.43 98.86 OK
r-devel-linux-x86_64-debian-gcc 1.30.0 6.22 70.85 77.07 OK
r-devel-linux-x86_64-fedora-clang 1.30.0 128.62 NOTE
r-devel-linux-x86_64-fedora-gcc 1.30.0 117.58 OK
r-devel-windows-x86_64 1.30.0 9.00 93.00 102.00 OK
r-devel-windows-x86_64-gcc10-UCRT 1.30.0 OK
r-patched-linux-x86_64 1.30.0 9.64 88.71 98.35 OK
r-patched-solaris-x86 1.30.0 153.90 OK
r-release-linux-x86_64 1.30.0 7.05 89.40 96.45 OK
r-release-macos-arm64 1.30.0 OK
r-release-macos-x86_64 1.30.0 OK
r-release-windows-ix86+x86_64 1.30.0 14.00 133.00 147.00 OK
r-oldrel-macos-x86_64 1.30.0 OK
r-oldrel-windows-ix86+x86_64 1.30.0 9.00 94.00 103.00 OK

Check Details

Version: 1.30.0
Check: Rd cross-references
Result: NOTE
    Undeclared package ‘R2WinBUGS’ in Rd xrefs
Flavor: r-devel-linux-x86_64-fedora-clang