CRAN Package Check Results for Package MetabolicSurv

Last updated on 2024-02-27 18:49:21 CET.

Flavor Version Tinstall Tcheck Ttotal Status Flags
r-devel-linux-x86_64-debian-clang 1.1.2 18.43 165.51 183.94 NOTE
r-devel-linux-x86_64-debian-gcc 1.1.2 16.14 127.17 143.31 NOTE
r-devel-linux-x86_64-fedora-clang 1.1.2 231.59 NOTE
r-devel-linux-x86_64-fedora-gcc 1.1.2 244.36 NOTE
r-devel-windows-x86_64 1.1.2 18.00 147.00 165.00 OK
r-patched-linux-x86_64 1.1.2 16.39 163.86 180.25 OK
r-release-linux-x86_64 1.1.2 19.34 163.68 183.02 OK
r-release-macos-arm64 1.1.2 79.00 OK
r-release-macos-x86_64 1.1.2 120.00 OK
r-release-windows-x86_64 1.1.2 24.00 183.00 207.00 OK
r-oldrel-macos-arm64 1.1.2 73.00 OK
r-oldrel-windows-x86_64 1.1.2 25.00 185.00 210.00 OK

Check Details

Version: 1.1.2
Check: Rd files
Result: NOTE checkRd: (-1) CVLasoelacox.Rd:68-69: Lost braces in \itemize; \value handles \item{}{} directly checkRd: (-1) CVLasoelacox.Rd:70-71: Lost braces in \itemize; \value handles \item{}{} directly checkRd: (-1) CVLasoelacox.Rd:72: Lost braces in \itemize; \value handles \item{}{} directly checkRd: (-1) CVLasoelacox.Rd:73: Lost braces in \itemize; \value handles \item{}{} directly checkRd: (-1) CVLasoelacox.Rd:74-76: Lost braces in \itemize; \value handles \item{}{} directly checkRd: (-1) CVLasoelacox.Rd:77-79: Lost braces in \itemize; \value handles \item{}{} directly checkRd: (-1) CVLasoelacox.Rd:80-81: Lost braces in \itemize; \value handles \item{}{} directly checkRd: (-1) CVLasoelacox.Rd:82-85: Lost braces in \itemize; \value handles \item{}{} directly checkRd: (-1) CVLasoelacox.Rd:86-87: Lost braces in \itemize; \value handles \item{}{} directly Flavors: r-devel-linux-x86_64-debian-clang, r-devel-linux-x86_64-debian-gcc, r-devel-linux-x86_64-fedora-clang, r-devel-linux-x86_64-fedora-gcc