CRAN Package Check Results for Package MediaK

Last updated on 2024-03-01 06:52:47 CET.

Flavor Version Tinstall Tcheck Ttotal Status Flags
r-devel-linux-x86_64-debian-clang 1.0 29.79 27.81 57.60 NOTE
r-devel-linux-x86_64-debian-gcc 1.0 22.76 21.70 44.46 NOTE
r-devel-linux-x86_64-fedora-clang 1.0 80.36 NOTE
r-devel-linux-x86_64-fedora-gcc 1.0 75.69 NOTE
r-devel-windows-x86_64 1.0 23.00 64.00 87.00 NOTE
r-patched-linux-x86_64 1.0 27.22 27.23 54.45 NOTE
r-release-linux-x86_64 1.0 24.54 27.53 52.07 NOTE
r-release-macos-arm64 1.0 28.00 NOTE
r-release-macos-x86_64 1.0 38.00 NOTE
r-release-windows-x86_64 1.0 26.00 68.00 94.00 NOTE
r-oldrel-macos-arm64 1.0 26.00 NOTE
r-oldrel-windows-x86_64 1.0 26.00 68.00 94.00 NOTE

Check Details

Version: 1.0
Check: LazyData
Result: NOTE 'LazyData' is specified without a 'data' directory Flavors: r-devel-linux-x86_64-debian-clang, r-devel-linux-x86_64-debian-gcc, r-devel-linux-x86_64-fedora-clang, r-devel-linux-x86_64-fedora-gcc, r-devel-windows-x86_64, r-patched-linux-x86_64, r-release-linux-x86_64, r-release-macos-arm64, r-release-macos-x86_64, r-release-windows-x86_64, r-oldrel-macos-arm64, r-oldrel-windows-x86_64

Version: 1.0
Check: compiled code
Result: NOTE File ‘MediaK/libs/MediaK.so’: Found no calls to: ‘R_registerRoutines’, ‘R_useDynamicSymbols’ It is good practice to register native routines and to disable symbol search. See ‘Writing portable packages’ in the ‘Writing R Extensions’ manual. Flavors: r-devel-linux-x86_64-fedora-clang, r-devel-linux-x86_64-fedora-gcc