CRAN Package Check Results for Package MazamaSpatialUtils

Last updated on 2024-02-26 21:52:56 CET.

Flavor Version Tinstall Tcheck Ttotal Status Flags
r-devel-linux-x86_64-debian-clang 0.8.6 10.08 130.30 140.38 OK
r-devel-linux-x86_64-debian-gcc 0.8.6 8.08 97.47 105.55 OK
r-devel-linux-x86_64-fedora-clang 0.8.6 177.34 NOTE
r-devel-linux-x86_64-fedora-gcc 0.8.6 165.86 NOTE
r-devel-windows-x86_64 0.8.6 10.00 126.00 136.00 OK
r-patched-linux-x86_64 0.8.6 8.15 124.28 132.43 OK
r-release-linux-x86_64 0.8.6 6.47 123.69 130.16 OK
r-release-macos-arm64 0.8.6 81.00 OK
r-release-macos-x86_64 0.8.6 116.00 OK
r-release-windows-x86_64 0.8.6 14.00 148.00 162.00 OK
r-oldrel-macos-arm64 0.8.6 90.00 OK
r-oldrel-windows-x86_64 0.8.6 14.00 148.00 162.00 OK

Check Details

Version: 0.8.6
Check: data for non-ASCII characters
Result: NOTE Note: found 54 marked UTF-8 strings Flavors: r-devel-linux-x86_64-fedora-clang, r-devel-linux-x86_64-fedora-gcc