Last updated on 2023-12-03 00:56:48 CET.
Flavor | Version | Tinstall | Tcheck | Ttotal | Status | Flags |
---|---|---|---|---|---|---|
r-devel-linux-x86_64-debian-clang | 0.1.1 | 2.88 | 37.77 | 40.65 | NOTE | |
r-devel-linux-x86_64-debian-gcc | 0.1.1 | 2.09 | 28.79 | 30.88 | NOTE | |
r-devel-linux-x86_64-fedora-clang | 0.1.1 | 50.28 | NOTE | |||
r-devel-linux-x86_64-fedora-gcc | 0.1.1 | 48.94 | NOTE | |||
r-devel-windows-x86_64 | 0.1.1 | 3.00 | 53.00 | 56.00 | NOTE | |
r-patched-linux-x86_64 | 0.1.1 | 6.50 | 37.08 | 43.58 | NOTE | |
r-release-linux-x86_64 | 0.1.1 | 1.80 | 36.25 | 38.05 | NOTE | |
r-release-macos-arm64 | 0.1.1 | 23.00 | NOTE | |||
r-release-macos-x86_64 | 0.1.1 | 32.00 | NOTE | |||
r-release-windows-x86_64 | 0.1.1 | 4.00 | 55.00 | 59.00 | NOTE | |
r-oldrel-macos-arm64 | 0.1.1 | 22.00 | NOTE | |||
r-oldrel-macos-x86_64 | 0.1.1 | 29.00 | NOTE | |||
r-oldrel-windows-x86_64 | 0.1.1 | 4.00 | 55.00 | 59.00 | NOTE |
Version: 0.1.1
Check: package namespace information
Result: NOTE
Found export directive that requires package ‘methods’:
‘exportClasses’
Remove all such namespace directives (if obsolete) or ensure that the
DESCRIPTION Depends or Imports field contains ‘methods’.
Flavors: r-devel-linux-x86_64-debian-clang, r-devel-linux-x86_64-debian-gcc, r-devel-linux-x86_64-fedora-clang, r-devel-linux-x86_64-fedora-gcc, r-devel-windows-x86_64
Version: 0.1.1
Check: LazyData
Result: NOTE
'LazyData' is specified without a 'data' directory
Flavors: r-devel-linux-x86_64-debian-clang, r-devel-linux-x86_64-debian-gcc, r-devel-linux-x86_64-fedora-clang, r-devel-linux-x86_64-fedora-gcc, r-devel-windows-x86_64, r-patched-linux-x86_64, r-release-linux-x86_64, r-release-macos-arm64, r-release-macos-x86_64, r-release-windows-x86_64, r-oldrel-macos-arm64, r-oldrel-macos-x86_64, r-oldrel-windows-x86_64