CRAN Package Check Results for Package MaxMC

Last updated on 2023-01-29 12:55:34 CET.

Flavor Version Tinstall Tcheck Ttotal Status Flags
r-devel-linux-x86_64-debian-clang 0.1.1 2.72 38.56 41.28 NOTE
r-devel-linux-x86_64-debian-gcc 0.1.1 2.12 29.72 31.84 NOTE
r-devel-linux-x86_64-fedora-clang 0.1.1 55.65 NOTE
r-devel-linux-x86_64-fedora-gcc 0.1.1 53.73 NOTE
r-devel-windows-x86_64 0.1.1 22.00 72.00 94.00 NOTE
r-patched-linux-x86_64 0.1.1 4.51 35.62 40.13 NOTE
r-release-linux-x86_64 0.1.1 2.31 37.08 39.39 NOTE
r-release-macos-arm64 0.1.1 22.00 NOTE
r-release-macos-x86_64 0.1.1 29.00 NOTE
r-release-windows-x86_64 0.1.1 12.00 64.00 76.00 NOTE
r-oldrel-macos-arm64 0.1.1 27.00 NOTE
r-oldrel-macos-x86_64 0.1.1 40.00 NOTE
r-oldrel-windows-ix86+x86_64 0.1.1 7.00 62.00 69.00 NOTE

Check Details

Version: 0.1.1
Check: LazyData
Result: NOTE
     'LazyData' is specified without a 'data' directory
Flavors: r-devel-linux-x86_64-debian-clang, r-devel-linux-x86_64-debian-gcc, r-devel-linux-x86_64-fedora-clang, r-devel-linux-x86_64-fedora-gcc, r-devel-windows-x86_64, r-patched-linux-x86_64, r-release-linux-x86_64, r-release-macos-arm64, r-release-macos-x86_64, r-release-windows-x86_64, r-oldrel-macos-arm64, r-oldrel-macos-x86_64, r-oldrel-windows-ix86+x86_64