CRAN Package Check Results for Package MatrixLDA

Last updated on 2022-10-02 00:55:13 CEST.

Flavor Version Tinstall Tcheck Ttotal Status Flags
r-devel-linux-x86_64-debian-clang 0.2 30.80 51.29 82.09 NOTE
r-devel-linux-x86_64-debian-gcc 0.2 25.11 39.27 64.38 NOTE
r-devel-linux-x86_64-fedora-clang 0.2 125.78 NOTE
r-devel-linux-x86_64-fedora-gcc 0.2 115.29 NOTE
r-devel-windows-x86_64 0.2 39.00 91.00 130.00 NOTE
r-patched-linux-x86_64 0.2 28.36 47.12 75.48 NOTE
r-release-linux-x86_64 0.2 27.56 47.16 74.72 NOTE
r-release-macos-arm64 0.2 36.00 NOTE
r-release-macos-x86_64 0.2 43.00 NOTE
r-release-windows-x86_64 0.2 41.00 94.00 135.00 NOTE
r-oldrel-macos-arm64 0.2 38.00 NOTE
r-oldrel-macos-x86_64 0.2 59.00 NOTE
r-oldrel-windows-ix86+x86_64 0.2 86.00 114.00 200.00 NOTE

Check Details

Version: 0.2
Check: LazyData
Result: NOTE
     'LazyData' is specified without a 'data' directory
Flavors: r-devel-linux-x86_64-debian-clang, r-devel-linux-x86_64-debian-gcc, r-devel-linux-x86_64-fedora-clang, r-devel-linux-x86_64-fedora-gcc, r-devel-windows-x86_64, r-patched-linux-x86_64, r-release-linux-x86_64, r-release-macos-arm64, r-release-macos-x86_64, r-release-windows-x86_64, r-oldrel-macos-arm64, r-oldrel-macos-x86_64, r-oldrel-windows-ix86+x86_64