CRAN Package Check Results for Package Matrix

Last updated on 2021-07-28 01:48:56 CEST.

Flavor Version Tinstall Tcheck Ttotal Status Flags
r-devel-linux-x86_64-debian-clang 1.3-4 189.45 362.15 551.60 OK
r-devel-linux-x86_64-debian-gcc 1.3-4 135.80 272.75 408.55 OK
r-devel-linux-x86_64-fedora-clang 1.3-4 681.28 OK
r-devel-linux-x86_64-fedora-gcc 1.3-4 662.42 OK
r-devel-windows-x86_64 1.3-4 247.00 375.00 622.00 OK
r-devel-windows-x86_64-gcc10-UCRT 1.3-4 OK
r-patched-linux-x86_64 1.3-4 157.09 346.79 503.88 OK
r-patched-solaris-x86 1.3-4 OK
r-release-linux-x86_64 1.3-4 153.31 346.22 499.53 OK
r-release-macos-arm64 1.3-4 ERROR
r-release-macos-x86_64 1.3-4 OK
r-release-windows-ix86+x86_64 1.3-4 361.00 480.00 841.00 OK
r-oldrel-macos-x86_64 1.3-4 OK
r-oldrel-windows-ix86+x86_64 1.3-4 264.00 631.00 895.00 OK

Check Details

Version: 1.3-4
Check: running R code from vignettes
Result: ERROR
    Errors in running code in vignettes:
    when running code in ‘sparseModels.Rnw’
     ...
    > png("sparseModels-X-sparse-image.png", width = 6,
    + height = 3, units = "in", res = 150)
    
    > print(image(t(smm), aspect = 1/3, lwd = 0, col.regions = "red"))
    Warning in grid.Call(C_textBounds, as.graphicsAnnot(x$label), x$x, x$y, :
     no font could be found for family "Arial"
    
     When sourcing ‘sparseModels.R’:
    Error: polygon edge not found
    Execution halted
    
     ‘Comparisons.Rnw’ using ‘UTF-8’... [8s/8s] OK
     ‘Design-issues.Rnw’ using ‘UTF-8’... [1s/1s] OK
     ‘Intro2Matrix.Rnw’ using ‘UTF-8’... [1s/1s] OK
     ‘Introduction.Rnw’ using ‘UTF-8’... [0s/0s] OK
     ‘sparseModels.Rnw’ using ‘UTF-8’... failed
Flavor: r-release-macos-arm64

Version: 1.3-4
Check: re-building of vignette outputs
Result: NOTE
    Error(s) in re-building vignettes:
    --- re-building ‘Comparisons.Rnw’ using Sweave
    --- finished re-building ‘Comparisons.Rnw’
    
    --- re-building ‘Design-issues.Rnw’ using Sweave
    --- finished re-building ‘Design-issues.Rnw’
    
    --- re-building ‘Intro2Matrix.Rnw’ using Sweave
    <sparse>[ <logic> ] : .M.sub.i.logical() maybe inefficient
    <sparse>[ <logic> ] : .M.sub.i.logical() maybe inefficient
    --- finished re-building ‘Intro2Matrix.Rnw’
    
    --- re-building ‘Introduction.Rnw’ using Sweave
    --- finished re-building ‘Introduction.Rnw’
    
    --- re-building ‘sparseModels.Rnw’ using Sweave
     [[ suppressing 20 column names ‘1’, ‘2’, ‘3’ ... ]]
     [[ suppressing 24 column names ‘1’, ‘2’, ‘3’ ... ]]
    Warning in grid.Call(C_textBounds, as.graphicsAnnot(x$label), x$x, x$y, :
     no font could be found for family "Arial"
    
    Error: processing vignette 'sparseModels.Rnw' failed with diagnostics:
     chunk 15 (label = X-sparse-image-fake)
    Error in grid.Call(C_textBounds, as.graphicsAnnot(x$label), x$x, x$y, :
     polygon edge not found
    
    --- failed re-building ‘sparseModels.Rnw’
    
    SUMMARY: processing the following file failed:
     ‘sparseModels.Rnw’
    
    Error: Vignette re-building failed.
    Execution halted
Flavor: r-release-macos-arm64