CRAN Package Check Results for Package Matrix

Last updated on 2022-08-13 00:51:04 CEST.

Flavor Version Tinstall Tcheck Ttotal Status Flags
r-devel-linux-x86_64-debian-clang 1.4-1 184.36 381.50 565.86 NOTE
r-devel-linux-x86_64-debian-gcc 1.4-1 156.22 289.42 445.64 NOTE
r-devel-linux-x86_64-fedora-clang 1.4-1 740.22 NOTE
r-devel-linux-x86_64-fedora-gcc 1.4-1 775.59 NOTE
r-devel-windows-x86_64 1.4-1 375.00 524.00 899.00 NOTE
r-patched-linux-x86_64 1.4-1 168.83 363.64 532.47 OK
r-release-linux-x86_64 1.4-1 170.02 359.68 529.70 OK
r-release-macos-arm64 1.4-1 208.00 NOTE
r-release-macos-x86_64 1.4-1 274.00 OK
r-release-windows-x86_64 1.4-1 344.00 530.00 874.00 OK
r-oldrel-macos-arm64 1.4-1 188.00 OK
r-oldrel-macos-x86_64 1.4-1 266.00 OK
r-oldrel-windows-ix86+x86_64 1.4-1 387.00 650.00 1037.00 OK

Check Details

Version: 1.4-1
Check: Rd files
Result: NOTE
    checkRd: (-1) USCounties.Rd:26: Escaped LaTeX specials: \_
Flavors: r-devel-linux-x86_64-debian-clang, r-devel-linux-x86_64-debian-gcc, r-devel-linux-x86_64-fedora-clang, r-devel-linux-x86_64-fedora-gcc, r-devel-windows-x86_64

Version: 1.4-1
Check: package dependencies
Result: NOTE
    Package which this enhances but not available for checking: ‘graph’
Flavor: r-release-macos-arm64

Version: 1.4-1
Check: Rd cross-references
Result: NOTE
    Package unavailable to check Rd xrefs: ‘graph’
Flavor: r-release-macos-arm64