CRAN Package Check Results for Package MargCond

Last updated on 2021-09-20 01:48:50 CEST.

Flavor Version Tinstall Tcheck Ttotal Status Flags
r-devel-linux-x86_64-debian-clang 1.0.0 7.48 76.19 83.67 OK
r-devel-linux-x86_64-debian-gcc 1.0.0 6.97 58.38 65.35 OK
r-devel-linux-x86_64-fedora-clang 1.0.0 109.91 OK
r-devel-linux-x86_64-fedora-gcc 1.0.0 98.99 OK
r-devel-windows-x86_64 1.0.0 11.00 78.00 89.00 OK
r-devel-windows-x86_64-gcc10-UCRT 1.0.0 ERROR
r-patched-linux-x86_64 1.0.0 12.75 73.56 86.31 OK
r-patched-solaris-x86 1.0.0 151.30 OK
r-release-linux-x86_64 1.0.0 8.19 73.48 81.67 OK
r-release-macos-arm64 1.0.0 OK
r-release-macos-x86_64 1.0.0 OK
r-release-windows-ix86+x86_64 1.0.0 20.00 93.00 113.00 OK
r-oldrel-macos-x86_64 1.0.0 OK
r-oldrel-windows-ix86+x86_64 1.0.0 19.00 69.00 88.00 OK

Check Details

Version: 1.0.0
Check: whether package can be installed
Result: WARN
    Found the following significant warnings:
     WARNING: installation-time patches will not be applied, could not get the patches index
Flavor: r-devel-windows-x86_64-gcc10-UCRT

Version: 1.0.0
Check: PDF version of manual
Result: WARN
    LaTeX errors when creating PDF version.
    This typically indicates Rd problems.
Flavor: r-devel-windows-x86_64-gcc10-UCRT

Version: 1.0.0
Check: PDF version of manual without hyperrefs or index
Result: ERROR
    Re-running with no redirection of stdout/stderr.
Flavor: r-devel-windows-x86_64-gcc10-UCRT