CRAN Package Check Results for Package Mapinguari

Last updated on 2021-06-16 07:49:54 CEST.

Flavor Version Tinstall Tcheck Ttotal Status Flags
r-devel-linux-x86_64-debian-clang 1.0.0 4.82 42.39 47.21 OK
r-devel-linux-x86_64-debian-gcc 1.0.0 4.39 32.82 37.21 OK
r-devel-linux-x86_64-fedora-clang 1.0.0 65.15 NOTE
r-devel-linux-x86_64-fedora-gcc 1.0.0 55.06 NOTE
r-devel-windows-x86_64 1.0.0 11.00 63.00 74.00 OK
r-devel-windows-x86_64-gcc10-UCRT 1.0.0 NOTE
r-patched-linux-x86_64 1.0.0 5.06 40.41 45.47 OK
r-patched-solaris-x86 1.0.0 83.90 NOTE
r-release-linux-x86_64 1.0.0 5.12 41.19 46.31 OK
r-release-macos-arm64 1.0.0 NOTE
r-release-macos-x86_64 1.0.0 NOTE
r-release-windows-ix86+x86_64 1.0.0 10.00 64.00 74.00 OK
r-oldrel-macos-x86_64 1.0.0 NOTE
r-oldrel-windows-ix86+x86_64 1.0.0 11.00 64.00 75.00 OK

Check Details

Version: 1.0.0
Check: dependencies in R code
Result: NOTE
    Namespaces in Imports field not imported from:
     ‘dplyr’ ‘rgdal’ ‘rlang’ ‘testthat’
     All declared Imports should be used.
Flavors: r-devel-linux-x86_64-fedora-clang, r-devel-linux-x86_64-fedora-gcc, r-devel-windows-x86_64-gcc10-UCRT, r-patched-solaris-x86, r-release-macos-arm64, r-release-macos-x86_64, r-oldrel-macos-x86_64