CRAN Package Check Results for Package ManifoldOptim

Last updated on 2022-09-28 18:48:59 CEST.

Flavor Version Tinstall Tcheck Ttotal Status Flags
r-devel-linux-x86_64-debian-clang 1.0.1 212.70 31.84 244.54 OK
r-devel-linux-x86_64-debian-gcc 1.0.1 173.78 24.60 198.38 OK
r-devel-linux-x86_64-fedora-clang 1.0.1 486.22 OK
r-devel-linux-x86_64-fedora-gcc 1.0.1 345.05 OK
r-devel-windows-x86_64 1.0.1 444.00 91.00 535.00 OK
r-patched-linux-x86_64 1.0.1 190.29 30.06 220.35 OK
r-release-linux-x86_64 1.0.1 193.90 29.22 223.12 OK
r-release-macos-arm64 1.0.1 90.00 NOTE
r-release-macos-x86_64 1.0.1 117.00 NOTE
r-release-windows-x86_64 1.0.1 591.00 90.00 681.00 OK
r-oldrel-macos-arm64 1.0.1 71.00 NOTE
r-oldrel-macos-x86_64 1.0.1 116.00 NOTE
r-oldrel-windows-ix86+x86_64 1.0.1 914.00 105.00 1019.00 OK

Check Details

Version: 1.0.1
Check: installed package size
Result: NOTE
     installed size is 10.6Mb
     sub-directories of 1Mb or more:
     libs 10.2Mb
Flavors: r-release-macos-arm64, r-release-macos-x86_64, r-oldrel-macos-arm64, r-oldrel-macos-x86_64