CRAN Package Check Results for Package ManifoldOptim

Last updated on 2024-02-22 06:51:45 CET.

Flavor Version Tinstall Tcheck Ttotal Status Flags
r-devel-linux-x86_64-debian-clang 1.0.1 OK
r-devel-linux-x86_64-debian-gcc 1.0.1 201.22 23.89 225.11 OK
r-devel-linux-x86_64-fedora-clang 1.0.1 553.25 OK
r-devel-linux-x86_64-fedora-gcc 1.0.1 468.93 OK
r-devel-windows-x86_64 1.0.1 382.00 78.00 460.00 OK
r-patched-linux-x86_64 1.0.1 260.52 30.34 290.86 OK
r-release-linux-x86_64 1.0.1 265.10 30.67 295.77 OK
r-release-macos-arm64 1.0.1 94.00 NOTE
r-release-macos-x86_64 1.0.1 171.00 NOTE
r-release-windows-x86_64 1.0.1 502.00 81.00 583.00 OK
r-oldrel-macos-arm64 1.0.1 98.00 NOTE
r-oldrel-windows-x86_64 1.0.1 445.00 79.00 524.00 OK

Check Details

Version: 1.0.1
Check: installed package size
Result: NOTE installed size is 11.1Mb sub-directories of 1Mb or more: libs 10.8Mb Flavors: r-release-macos-arm64, r-release-macos-x86_64, r-oldrel-macos-arm64