CRAN Package Check Results for Package MTLR

Last updated on 2022-10-06 12:55:30 CEST.

Flavor Version Tinstall Tcheck Ttotal Status Flags
r-devel-linux-x86_64-debian-clang 0.2.1 40.54 72.11 112.65 NOTE
r-devel-linux-x86_64-debian-gcc 0.2.1 25.12 54.90 80.02 NOTE
r-devel-linux-x86_64-fedora-clang 0.2.1 155.62 NOTE
r-devel-linux-x86_64-fedora-gcc 0.2.1 140.73 NOTE
r-devel-windows-x86_64 0.2.1 47.00 120.00 167.00 NOTE
r-patched-linux-x86_64 0.2.1 29.46 67.61 97.07 NOTE
r-release-linux-x86_64 0.2.1 30.10 68.30 98.40 NOTE
r-release-macos-arm64 0.2.1 42.00 NOTE
r-release-macos-x86_64 0.2.1 54.00 NOTE
r-release-windows-x86_64 0.2.1 75.00 121.00 196.00 NOTE
r-oldrel-macos-arm64 0.2.1 50.00 NOTE
r-oldrel-macos-x86_64 0.2.1 80.00 NOTE
r-oldrel-windows-ix86+x86_64 0.2.1 87.00 144.00 231.00 NOTE

Check Details

Version: 0.2.1
Check: LazyData
Result: NOTE
     'LazyData' is specified without a 'data' directory
Flavors: r-devel-linux-x86_64-debian-clang, r-devel-linux-x86_64-debian-gcc, r-devel-linux-x86_64-fedora-clang, r-devel-linux-x86_64-fedora-gcc, r-devel-windows-x86_64, r-patched-linux-x86_64, r-release-linux-x86_64, r-release-macos-arm64, r-release-macos-x86_64, r-release-windows-x86_64, r-oldrel-macos-arm64, r-oldrel-macos-x86_64, r-oldrel-windows-ix86+x86_64