Last updated on 2023-03-30 06:53:21 CEST.
Flavor | Version | Tinstall | Tcheck | Ttotal | Status | Flags |
---|---|---|---|---|---|---|
r-devel-linux-x86_64-debian-clang | 0.1.0 | 41.30 | 352.91 | 394.21 | OK | |
r-devel-linux-x86_64-debian-gcc | 0.1.0 | 31.66 | 256.31 | 287.97 | OK | |
r-devel-linux-x86_64-fedora-clang | 0.1.0 | 472.44 | OK | |||
r-devel-linux-x86_64-fedora-gcc | 0.1.0 | 484.80 | OK | |||
r-devel-windows-x86_64 | 0.1.0 | 51.00 | 0.00 | 51.00 | OK | |
r-patched-linux-x86_64 | 0.1.0 | 36.44 | 323.19 | 359.63 | OK | |
r-release-linux-x86_64 | 0.1.0 | 30.40 | 315.33 | 345.73 | OK | |
r-release-macos-arm64 | 0.1.0 | 99.00 | OK | |||
r-release-macos-x86_64 | 0.1.0 | 173.00 | OK | |||
r-release-windows-x86_64 | 0.1.0 | 33.00 | 316.00 | 349.00 | OK | |
r-oldrel-macos-arm64 | 0.1.0 | 110.00 | OK | |||
r-oldrel-macos-x86_64 | 0.1.0 | 175.00 | OK | |||
r-oldrel-windows-ix86+x86_64 | 0.1.0 | 82.00 | 329.00 | 411.00 | NOTE |
Version: 0.1.0
Check: R code for possible problems
Result: NOTE
Initiating curl with CURL_SSL_BACKEND: openssl
Flavor: r-oldrel-windows-ix86+x86_64