CRAN Package Check Results for Package MSEtool

Last updated on 2021-06-23 13:51:54 CEST.

Flavor Version Tinstall Tcheck Ttotal Status Flags
r-devel-linux-x86_64-debian-clang 3.0.2 117.83 222.85 340.68 OK
r-devel-linux-x86_64-debian-gcc 3.0.2 88.16 159.13 247.29 OK
r-devel-linux-x86_64-fedora-clang 3.0.2 427.48 NOTE
r-devel-linux-x86_64-fedora-gcc 3.0.2 410.75 OK
r-devel-windows-x86_64 3.0.2 149.00 231.00 380.00 NOTE
r-devel-windows-x86_64-gcc10-UCRT 3.0.2 ERROR
r-patched-linux-x86_64 3.0.2 108.37 209.81 318.18 OK
r-patched-solaris-x86 3.0.2 411.10 NOTE
r-release-linux-x86_64 3.0.2 95.14 208.93 304.07 OK
r-release-macos-arm64 3.0.2 NOTE
r-release-macos-x86_64 3.0.2 NOTE
r-release-windows-ix86+x86_64 3.0.2 166.00 203.00 369.00 NOTE
r-oldrel-macos-x86_64 3.0.2 NOTE

Check Details

Version: 3.0.2
Check: installed package size
Result: NOTE
     installed size is 9.0Mb
     sub-directories of 1Mb or more:
     R 1.5Mb
     data 3.9Mb
     libs 2.8Mb
Flavors: r-devel-linux-x86_64-fedora-clang, r-devel-windows-x86_64, r-patched-solaris-x86, r-release-macos-arm64, r-release-macos-x86_64, r-release-windows-ix86+x86_64, r-oldrel-macos-x86_64

Version: 3.0.2
Check: package dependencies
Result: NOTE
    Packages suggested but not available for checking:
     'covr', 'devtools', 'kableExtra', 'r4ss', 'rfishbase'
Flavor: r-devel-windows-x86_64-gcc10-UCRT

Version: 3.0.2
Check: Rd cross-references
Result: NOTE
    Package unavailable to check Rd xrefs: 'r4ss'
Flavor: r-devel-windows-x86_64-gcc10-UCRT

Version: 3.0.2
Check: examples
Result: ERROR
    Running examples in 'MSEtool-Ex.R' failed
    The error most likely occurred in:
    
    > ### Name: LH2OM
    > ### Title: Predict missing life-history parameters
    > ### Aliases: LH2OM predictLH
    >
    > ### ** Examples
    >
    > myOM<-LH2OM(MSEtool::testOM)
    Predicting L50 from Linf
    
    Predicting K from M
    
    Error: Package "rfishbase" needed for this function to work. Please install it.
    Execution halted
Flavor: r-devel-windows-x86_64-gcc10-UCRT