CRAN Package Check Results for Package MRTSampleSizeBinary

Last updated on 2021-09-28 07:48:34 CEST.

Flavor Version Tinstall Tcheck Ttotal Status Flags
r-devel-linux-x86_64-debian-clang 0.1.0 10.13 95.54 105.67 OK
r-devel-linux-x86_64-debian-gcc 0.1.0 7.04 70.91 77.95 OK
r-devel-linux-x86_64-fedora-clang 0.1.0 130.85 NOTE
r-devel-linux-x86_64-fedora-gcc 0.1.0 119.82 NOTE
r-devel-windows-x86_64 0.1.0 11.00 90.00 101.00 OK
r-devel-windows-x86_64-gcc10-UCRT 0.1.0 NOTE
r-patched-linux-x86_64 0.1.0 10.44 88.68 99.12 OK
r-patched-solaris-x86 0.1.0 173.00 NOTE
r-release-linux-x86_64 0.1.0 8.14 87.33 95.47 OK
r-release-macos-arm64 0.1.0 NOTE
r-release-macos-x86_64 0.1.0 NOTE
r-release-windows-ix86+x86_64 0.1.0 22.00 111.00 133.00 OK
r-oldrel-macos-x86_64 0.1.0 NOTE
r-oldrel-windows-ix86+x86_64 0.1.0 15.00 83.00 98.00 OK

Check Details

Version: 0.1.0
Check: dependencies in R code
Result: NOTE
    Namespace in Imports field not imported from: ‘dplyr’
     All declared Imports should be used.
Flavors: r-devel-linux-x86_64-fedora-clang, r-devel-linux-x86_64-fedora-gcc, r-devel-windows-x86_64-gcc10-UCRT, r-patched-solaris-x86, r-release-macos-arm64, r-release-macos-x86_64, r-oldrel-macos-x86_64