CRAN Package Check Results for Package MPTmultiverse

Last updated on 2021-10-20 07:49:53 CEST.

Flavor Version Tinstall Tcheck Ttotal Status Flags
r-devel-linux-x86_64-debian-clang 0.4-2 6.48 73.85 80.33 NOTE
r-devel-linux-x86_64-debian-gcc 0.4-2 4.79 56.22 61.01 NOTE
r-devel-linux-x86_64-fedora-clang 0.4-2 105.12 NOTE
r-devel-linux-x86_64-fedora-gcc 0.4-2 94.10 NOTE
r-devel-windows-x86_64 0.4-2 11.00 133.00 144.00 NOTE
r-devel-windows-x86_64-gcc10-UCRT 0.4-2 NOTE
r-patched-linux-x86_64 0.4-2 8.05 67.75 75.80 NOTE
r-patched-solaris-x86 0.4-2 146.20 NOTE
r-release-linux-x86_64 0.4-2 6.57 68.39 74.96 NOTE
r-release-macos-arm64 0.4-2 NOTE
r-release-macos-x86_64 0.4-2 NOTE
r-release-windows-ix86+x86_64 0.4-2 20.00 122.00 142.00 NOTE
r-oldrel-macos-x86_64 0.4-2 OK
r-oldrel-windows-ix86+x86_64 0.4-2 13.00 125.00 138.00 OK

Check Details

Version: 0.4-2
Check: LazyData
Result: NOTE
     'LazyData' is specified without a 'data' directory
Flavors: r-devel-linux-x86_64-debian-clang, r-devel-linux-x86_64-debian-gcc, r-devel-linux-x86_64-fedora-clang, r-devel-linux-x86_64-fedora-gcc, r-devel-windows-x86_64, r-devel-windows-x86_64-gcc10-UCRT, r-patched-linux-x86_64, r-patched-solaris-x86, r-release-linux-x86_64, r-release-macos-arm64, r-release-macos-x86_64, r-release-windows-ix86+x86_64