CRAN Package Check Results for Package MPTmultiverse

Last updated on 2023-04-02 00:57:40 CEST.

Flavor Version Tinstall Tcheck Ttotal Status Flags
r-devel-linux-x86_64-debian-clang 0.4-2 6.74 93.31 100.05 NOTE
r-devel-linux-x86_64-debian-gcc 0.4-2 5.61 70.03 75.64 NOTE
r-devel-linux-x86_64-fedora-clang 0.4-2 123.30 NOTE
r-devel-linux-x86_64-fedora-gcc 0.4-2 142.17 NOTE
r-devel-windows-x86_64 0.4-2 13.00 153.00 166.00 NOTE
r-patched-linux-x86_64 0.4-2 7.58 88.47 96.05 NOTE
r-release-linux-x86_64 0.4-2 6.77 88.70 95.47 NOTE
r-release-macos-arm64 0.4-2 55.00 NOTE
r-release-macos-x86_64 0.4-2 63.00 NOTE
r-release-windows-x86_64 0.4-2 44.00 161.00 205.00 NOTE
r-oldrel-macos-arm64 0.4-2 41.00 NOTE
r-oldrel-macos-x86_64 0.4-2 70.00 NOTE
r-oldrel-windows-ix86+x86_64 0.4-2 16.00 148.00 164.00 NOTE

Check Details

Version: 0.4-2
Check: LazyData
Result: NOTE
     'LazyData' is specified without a 'data' directory
Flavors: r-devel-linux-x86_64-debian-clang, r-devel-linux-x86_64-debian-gcc, r-devel-linux-x86_64-fedora-clang, r-devel-linux-x86_64-fedora-gcc, r-devel-windows-x86_64, r-patched-linux-x86_64, r-release-linux-x86_64, r-release-macos-arm64, r-release-macos-x86_64, r-release-windows-x86_64, r-oldrel-macos-arm64, r-oldrel-macos-x86_64, r-oldrel-windows-ix86+x86_64