CRAN Package Check Results for Package MPGE

Last updated on 2022-09-26 06:51:17 CEST.

Flavor Version Tinstall Tcheck Ttotal Status Flags
r-devel-linux-x86_64-debian-clang 1.0.0 2.65 30.99 33.64 NOTE
r-devel-linux-x86_64-debian-gcc 1.0.0 2.13 24.59 26.72 NOTE
r-devel-linux-x86_64-fedora-clang 1.0.0 52.28 NOTE
r-devel-linux-x86_64-fedora-gcc 1.0.0 50.73 NOTE
r-devel-windows-x86_64 1.0.0 10.00 65.00 75.00 NOTE
r-patched-linux-x86_64 1.0.0 2.47 30.58 33.05 OK
r-release-linux-x86_64 1.0.0 2.71 31.19 33.90 OK
r-release-macos-arm64 1.0.0 21.00 OK
r-release-macos-x86_64 1.0.0 31.00 OK
r-release-windows-x86_64 1.0.0 9.00 59.00 68.00 OK
r-oldrel-macos-arm64 1.0.0 25.00 OK
r-oldrel-macos-x86_64 1.0.0 33.00 OK
r-oldrel-windows-ix86+x86_64 1.0.0 9.00 55.00 64.00 OK

Check Details

Version: 1.0.0
Check: Rd files
Result: NOTE
    checkRd: (-1) genotype_data.Rd:7: Escaped LaTeX specials: \_
    checkRd: (-1) genotype_data.Rd:18: Escaped LaTeX specials: \_
    checkRd: (-1) phenotype_data.Rd:15: Escaped LaTeX specials: \_
Flavors: r-devel-linux-x86_64-debian-clang, r-devel-linux-x86_64-debian-gcc, r-devel-linux-x86_64-fedora-clang, r-devel-linux-x86_64-fedora-gcc, r-devel-windows-x86_64