CRAN Package Check Results for Package MODIStsp

Last updated on 2021-06-22 07:49:34 CEST.

Flavor Version Tinstall Tcheck Ttotal Status Flags
r-devel-linux-x86_64-debian-clang 2.0.5 15.59 136.76 152.35 NOTE
r-devel-linux-x86_64-debian-gcc 2.0.5 13.00 102.48 115.48 NOTE
r-devel-linux-x86_64-fedora-clang 2.0.5 189.15 NOTE
r-devel-linux-x86_64-fedora-gcc 2.0.5 176.37 NOTE
r-devel-windows-x86_64 2.0.5 24.00 153.00 177.00 NOTE
r-devel-windows-x86_64-gcc10-UCRT 2.0.5 ERROR
r-patched-linux-x86_64 2.0.5 13.80 128.64 142.44 NOTE
r-patched-solaris-x86 2.0.5 257.60 NOTE
r-release-linux-x86_64 2.0.5 10.95 131.03 141.98 NOTE
r-release-macos-arm64 2.0.5 NOTE
r-release-macos-x86_64 2.0.5 NOTE
r-release-windows-ix86+x86_64 2.0.5 33.00 158.00 191.00 NOTE
r-oldrel-macos-x86_64 2.0.5 OK

Check Details

Version: 2.0.5
Check: LazyData
Result: NOTE
     'LazyData' is specified without a 'data' directory
Flavors: r-devel-linux-x86_64-debian-clang, r-devel-linux-x86_64-debian-gcc, r-devel-linux-x86_64-fedora-clang, r-devel-linux-x86_64-fedora-gcc, r-devel-windows-x86_64, r-patched-linux-x86_64, r-patched-solaris-x86, r-release-linux-x86_64, r-release-macos-arm64, r-release-macos-x86_64, r-release-windows-ix86+x86_64

Version: 2.0.5
Check: package dependencies
Result: ERROR
    Packages required but not available: 'geojsonio', 'httr'
    
    Packages suggested but not available for checking:
     'geojsonlint', 'httptest'
    
    See section 'The DESCRIPTION file' in the 'Writing R Extensions'
    manual.
Flavor: r-devel-windows-x86_64-gcc10-UCRT

Version: 2.0.5
Check: package dependencies
Result: NOTE
    Package suggested but not available for checking: ‘mapedit’
Flavor: r-release-macos-arm64