CRAN Package Check Results for Package MODISSnow

Last updated on 2021-08-02 22:54:38 CEST.

Flavor Version Tinstall Tcheck Ttotal Status Flags
r-devel-linux-x86_64-debian-clang 0.1.0.0 1.94 24.41 26.35 NOTE
r-devel-linux-x86_64-debian-gcc 0.1.0.0 1.54 19.39 20.93 NOTE
r-devel-linux-x86_64-fedora-clang 0.1.0.0 40.94 NOTE
r-devel-linux-x86_64-fedora-gcc 0.1.0.0 30.94 NOTE
r-devel-windows-x86_64 0.1.0.0 2.00 42.00 44.00 NOTE
r-devel-windows-x86_64-gcc10-UCRT 0.1.0.0 NOTE
r-patched-linux-x86_64 0.1.0.0 NOTE
r-patched-solaris-x86 0.1.0.0 48.90 NOTE
r-release-linux-x86_64 0.1.0.0 1.94 23.84 25.78 NOTE
r-release-macos-arm64 0.1.0.0 NOTE
r-release-macos-x86_64 0.1.0.0 NOTE
r-release-windows-ix86+x86_64 0.1.0.0 4.00 28.00 32.00 NOTE
r-oldrel-macos-x86_64 0.1.0.0 OK
r-oldrel-windows-ix86+x86_64 0.1.0.0 3.00 41.00 44.00 OK

Check Details

Version: 0.1.0.0
Check: LazyData
Result: NOTE
     'LazyData' is specified without a 'data' directory
Flavors: r-devel-linux-x86_64-debian-clang, r-devel-linux-x86_64-debian-gcc, r-devel-linux-x86_64-fedora-clang, r-devel-linux-x86_64-fedora-gcc, r-devel-windows-x86_64, r-devel-windows-x86_64-gcc10-UCRT, r-patched-linux-x86_64, r-patched-solaris-x86, r-release-linux-x86_64, r-release-macos-arm64, r-release-macos-x86_64, r-release-windows-ix86+x86_64