CRAN Package Check Results for Package MNM

Last updated on 2021-10-18 13:54:03 CEST.

Flavor Version Tinstall Tcheck Ttotal Status Flags
r-devel-linux-x86_64-debian-clang 1.0-3 12.61 104.18 116.79 NOTE
r-devel-linux-x86_64-debian-gcc 1.0-3 8.94 77.70 86.64 NOTE
r-devel-linux-x86_64-fedora-clang 1.0-3 147.93 NOTE
r-devel-linux-x86_64-fedora-gcc 1.0-3 138.46 NOTE
r-devel-windows-x86_64 1.0-3 18.00 139.00 157.00 OK
r-devel-windows-x86_64-gcc10-UCRT 1.0-3 NOTE
r-patched-linux-x86_64 1.0-3 13.33 100.65 113.98 NOTE
r-patched-solaris-x86 1.0-3 182.80 NOTE
r-release-linux-x86_64 1.0-3 10.69 101.53 112.22 NOTE
r-release-macos-arm64 1.0-3 NOTE
r-release-macos-x86_64 1.0-3 NOTE
r-release-windows-ix86+x86_64 1.0-3 17.00 128.00 145.00 OK
r-oldrel-macos-x86_64 1.0-3 OK
r-oldrel-windows-ix86+x86_64 1.0-3 25.00 132.00 157.00 OK

Check Details

Version: 1.0-3
Check: package dependencies
Result: NOTE
    Package suggested but not available for checking: 'Flury'
Flavors: r-devel-linux-x86_64-debian-clang, r-devel-linux-x86_64-debian-gcc, r-devel-linux-x86_64-fedora-clang, r-devel-linux-x86_64-fedora-gcc, r-devel-windows-x86_64-gcc10-UCRT, r-patched-linux-x86_64, r-patched-solaris-x86, r-release-linux-x86_64, r-release-macos-arm64, r-release-macos-x86_64