CRAN Package Check Results for Package MMVBVS

Last updated on 2022-09-28 12:55:22 CEST.

Flavor Version Tinstall Tcheck Ttotal Status Flags
r-devel-linux-x86_64-debian-clang 0.8.0 51.84 62.41 114.25 NOTE
r-devel-linux-x86_64-debian-gcc 0.8.0 36.86 46.16 83.02 NOTE
r-devel-linux-x86_64-fedora-clang 0.8.0 156.16 NOTE
r-devel-linux-x86_64-fedora-gcc 0.8.0 142.37 NOTE
r-devel-windows-x86_64 0.8.0 38.00 108.00 146.00 NOTE
r-patched-linux-x86_64 0.8.0 37.35 59.67 97.02 NOTE
r-release-linux-x86_64 0.8.0 37.51 56.89 94.40 NOTE
r-release-macos-arm64 0.8.0 42.00 NOTE
r-release-macos-x86_64 0.8.0 72.00 NOTE
r-release-windows-x86_64 0.8.0 37.00 102.00 139.00 NOTE
r-oldrel-macos-arm64 0.8.0 44.00 NOTE
r-oldrel-macos-x86_64 0.8.0 65.00 NOTE
r-oldrel-windows-ix86+x86_64 0.8.0 111.00 118.00 229.00 NOTE

Check Details

Version: 0.8.0
Check: LazyData
Result: NOTE
     'LazyData' is specified without a 'data' directory
Flavors: r-devel-linux-x86_64-debian-clang, r-devel-linux-x86_64-debian-gcc, r-devel-linux-x86_64-fedora-clang, r-devel-linux-x86_64-fedora-gcc, r-devel-windows-x86_64, r-patched-linux-x86_64, r-release-linux-x86_64, r-release-macos-arm64, r-release-macos-x86_64, r-release-windows-x86_64, r-oldrel-macos-arm64, r-oldrel-macos-x86_64, r-oldrel-windows-ix86+x86_64