CRAN Package Check Results for Package MLRShiny

Last updated on 2021-06-15 01:50:30 CEST.

Flavor Version Tinstall Tcheck Ttotal Status Flags
r-devel-linux-x86_64-debian-clang 0.1.0 1.98 20.08 22.06 NOTE
r-devel-linux-x86_64-debian-gcc 0.1.0 1.52 16.35 17.87 NOTE
r-devel-linux-x86_64-fedora-clang 0.1.0 37.52 NOTE
r-devel-linux-x86_64-fedora-gcc 0.1.0 27.33 NOTE
r-devel-windows-x86_64 0.1.0 4.00 37.00 41.00 NOTE
r-devel-windows-x86_64-gcc10-UCRT 0.1.0 NOTE
r-patched-linux-x86_64 0.1.0 1.99 19.76 21.75 NOTE
r-patched-solaris-x86 0.1.0 41.60 NOTE
r-release-linux-x86_64 0.1.0 2.03 19.59 21.62 NOTE
r-release-macos-arm64 0.1.0 NOTE
r-release-macos-x86_64 0.1.0 NOTE
r-release-windows-ix86+x86_64 0.1.0 6.00 36.00 42.00 NOTE
r-oldrel-macos-x86_64 0.1.0 NOTE
r-oldrel-windows-ix86+x86_64 0.1.0 21.00 40.00 61.00 OK

Check Details

Version: 0.1.0
Check: LazyData
Result: NOTE
     'LazyData' is specified without a 'data' directory
Flavors: r-devel-linux-x86_64-debian-clang, r-devel-linux-x86_64-debian-gcc, r-devel-linux-x86_64-fedora-clang, r-devel-linux-x86_64-fedora-gcc, r-devel-windows-x86_64, r-devel-windows-x86_64-gcc10-UCRT, r-patched-linux-x86_64, r-patched-solaris-x86, r-release-linux-x86_64, r-release-macos-arm64, r-release-macos-x86_64, r-release-windows-ix86+x86_64

Version: 0.1.0
Check: dependencies in R code
Result: NOTE
    Namespaces in Imports field not imported from:
     ‘QuantPsyc’ ‘corrgram’ ‘dplyr’ ‘forecast’ ‘psych’ ‘shinyAce’
     All declared Imports should be used.
Flavors: r-devel-linux-x86_64-fedora-clang, r-devel-linux-x86_64-fedora-gcc, r-devel-windows-x86_64-gcc10-UCRT, r-patched-solaris-x86, r-release-macos-arm64, r-release-macos-x86_64, r-oldrel-macos-x86_64