CRAN Package Check Results for Package MLDataR

Last updated on 2022-09-24 21:51:07 CEST.

Flavor Version Tinstall Tcheck Ttotal Status Flags
r-devel-linux-x86_64-debian-clang 0.1.3 1.77 49.91 51.68 OK
r-devel-linux-x86_64-debian-gcc 0.1.3 1.93 37.47 39.40 OK
r-devel-linux-x86_64-fedora-clang 0.1.3 72.96 NOTE
r-devel-linux-x86_64-fedora-gcc 0.1.3 72.16 NOTE
r-devel-windows-x86_64 0.1.3 13.00 79.00 92.00 OK
r-patched-linux-x86_64 0.1.3 2.93 45.88 48.81 OK
r-release-linux-x86_64 0.1.3 2.66 46.85 49.51 OK
r-release-macos-arm64 0.1.3 23.00 NOTE
r-release-macos-x86_64 0.1.3 39.00 NOTE
r-release-windows-x86_64 0.1.3 16.00 79.00 95.00 OK
r-oldrel-macos-arm64 0.1.3 27.00 NOTE
r-oldrel-macos-x86_64 0.1.3 31.00 NOTE
r-oldrel-windows-ix86+x86_64 0.1.3 9.00 73.00 82.00 OK

Check Details

Version: 0.1.3
Check: dependencies in R code
Result: NOTE
    Namespaces in Imports field not imported from:
     ‘ConfusionTableR’ ‘OddsPlotty’ ‘caret’ ‘dplyr’ ‘ggplot2’ ‘parsnip’
     ‘ranger’ ‘recipes’ ‘rsample’ ‘varhandle’ ‘workflows’
     All declared Imports should be used.
Flavors: r-devel-linux-x86_64-fedora-clang, r-devel-linux-x86_64-fedora-gcc, r-release-macos-arm64, r-release-macos-x86_64, r-oldrel-macos-arm64, r-oldrel-macos-x86_64