CRAN Package Check Results for Package MLDataR

Last updated on 2023-09-29 12:57:02 CEST.

Flavor Version Tinstall Tcheck Ttotal Status Flags
r-devel-linux-x86_64-debian-clang 1.0.1 2.30 47.62 49.92 OK
r-devel-linux-x86_64-debian-gcc 1.0.1 2.12 36.34 38.46 OK
r-devel-linux-x86_64-fedora-clang 1.0.1 60.61 NOTE
r-devel-linux-x86_64-fedora-gcc 1.0.1 75.94 NOTE
r-devel-windows-x86_64 1.0.1 5.00 61.00 66.00 OK
r-patched-linux-x86_64 1.0.1 2.79 45.62 48.41 OK
r-release-linux-x86_64 1.0.1 2.65 46.48 49.13 OK
r-release-macos-arm64 1.0.1 32.00 OK
r-release-macos-x86_64 1.0.1 46.00 OK
r-release-windows-x86_64 1.0.1 6.00 65.00 71.00 OK
r-oldrel-macos-arm64 1.0.1 25.00 NOTE
r-oldrel-macos-x86_64 1.0.1 35.00 NOTE
r-oldrel-windows-x86_64 1.0.1 6.00 65.00 71.00 OK

Check Details

Version: 1.0.1
Check: dependencies in R code
Result: NOTE
    Namespaces in Imports field not imported from:
     ‘ConfusionTableR’ ‘OddsPlotty’ ‘caret’ ‘dplyr’ ‘ggplot2’ ‘parsnip’
     ‘ranger’ ‘recipes’ ‘rsample’ ‘varhandle’ ‘workflows’
     All declared Imports should be used.
Flavors: r-devel-linux-x86_64-fedora-clang, r-devel-linux-x86_64-fedora-gcc, r-oldrel-macos-arm64, r-oldrel-macos-x86_64