CRAN Package Check Results for Package MGDrivE2

Last updated on 2021-09-25 01:50:24 CEST.

Flavor Version Tinstall Tcheck Ttotal Status Flags
r-devel-linux-x86_64-debian-clang 1.1.0 12.31 438.66 450.97 OK
r-devel-linux-x86_64-debian-gcc 1.1.0 9.68 289.13 298.81 OK
r-devel-linux-x86_64-fedora-clang 1.1.0 530.91 OK
r-devel-linux-x86_64-fedora-gcc 1.1.0 550.65 OK
r-devel-windows-x86_64 1.1.0 16.00 324.00 340.00 OK
r-devel-windows-x86_64-gcc10-UCRT 1.1.0 OK
r-patched-linux-x86_64 1.1.0 14.76 437.84 452.60 OK
r-patched-solaris-x86 1.1.0 176.10 OK
r-release-linux-x86_64 1.1.0 12.76 437.90 450.66 OK
r-release-macos-arm64 1.1.0 OK
r-release-macos-x86_64 1.1.0 WARN
r-release-windows-ix86+x86_64 1.1.0 26.00 515.00 541.00 OK
r-oldrel-macos-x86_64 1.1.0 OK
r-oldrel-windows-ix86+x86_64 1.1.0 17.00 365.00 382.00 OK

Check Details

Version: 1.1.0
Check: re-building of vignette outputs
Result: WARN
    Error(s) in re-building vignettes:
    --- re-building ‘advanced_topics.Rmd’ using rmarkdown
    Warning in engine$weave(file, quiet = quiet, encoding = enc) :
     Pandoc (>= 1.12.3) not available. Falling back to R Markdown v1.
    --- finished re-building ‘advanced_topics.Rmd’
    
    --- re-building ‘epi-SEIR.Rmd’ using rmarkdown
    Warning in engine$weave(file, quiet = quiet, encoding = enc) :
     Pandoc (>= 1.12.3) not available. Falling back to R Markdown v1.
    --- finished re-building ‘epi-SEIR.Rmd’
    
    --- re-building ‘epi-network.Rmd’ using rmarkdown
    Warning in engine$weave(file, quiet = quiet, encoding = enc) :
     Pandoc (>= 1.12.3) not available. Falling back to R Markdown v1.
    --- finished re-building ‘epi-network.Rmd’
    
    --- re-building ‘epi-node.Rmd’ using rmarkdown
    Warning in engine$weave(file, quiet = quiet, encoding = enc) :
     Pandoc (>= 1.12.3) not available. Falling back to R Markdown v1.
    --- finished re-building ‘epi-node.Rmd’
    
    --- re-building ‘inhomogeneous.Rmd’ using rmarkdown
    Warning in engine$weave(file, quiet = quiet, encoding = enc) :
     Pandoc (>= 1.12.3) not available. Falling back to R Markdown v1.
    --- finished re-building ‘inhomogeneous.Rmd’
    
    --- re-building ‘lifecycle-network.Rmd’ using rmarkdown
    Warning in engine$weave(file, quiet = quiet, encoding = enc) :
     Pandoc (>= 1.12.3) not available. Falling back to R Markdown v1.
    Quitting from lines 35-46 (lifecycle-network.Rmd)
    Error: processing vignette 'lifecycle-network.Rmd' failed with diagnostics:
    there is no package called 'MGDrivE'
    --- failed re-building ‘lifecycle-network.Rmd’
    
    --- re-building ‘lifecycle-node.Rmd’ using rmarkdown
    Warning in engine$weave(file, quiet = quiet, encoding = enc) :
     Pandoc (>= 1.12.3) not available. Falling back to R Markdown v1.
    Quitting from lines 43-52 (lifecycle-node.Rmd)
    Error: processing vignette 'lifecycle-node.Rmd' failed with diagnostics:
    there is no package called 'MGDrivE'
    --- failed re-building ‘lifecycle-node.Rmd’
    
    --- re-building ‘output-storage.Rmd’ using rmarkdown
    Warning in engine$weave(file, quiet = quiet, encoding = enc) :
     Pandoc (>= 1.12.3) not available. Falling back to R Markdown v1.
    Quitting from lines 38-47 (output-storage.Rmd)
    Error: processing vignette 'output-storage.Rmd' failed with diagnostics:
    there is no package called 'MGDrivE'
    --- failed re-building ‘output-storage.Rmd’
    
    SUMMARY: processing the following files failed:
     ‘lifecycle-network.Rmd’ ‘lifecycle-node.Rmd’ ‘output-storage.Rmd’
    
    Error: Vignette re-building failed.
    Execution halted
Flavor: r-release-macos-x86_64