CRAN Package Check Results for Package MCPModPack

Last updated on 2024-02-25 18:51:29 CET.

Flavor Version Tinstall Tcheck Ttotal Status Flags
r-devel-linux-x86_64-debian-clang 0.5 46.82 82.84 129.66 OK
r-devel-linux-x86_64-debian-gcc 0.5 39.51 62.11 101.62 OK
r-devel-linux-x86_64-fedora-clang 0.5 180.33 OK
r-devel-linux-x86_64-fedora-gcc 0.5 188.60 OK
r-devel-windows-x86_64 0.5 40.00 98.00 138.00 OK
r-patched-linux-x86_64 0.5 39.75 81.08 120.83 OK
r-release-linux-x86_64 0.5 37.48 78.86 116.34 OK
r-release-macos-arm64 0.5 50.00 NOTE
r-release-macos-x86_64 0.5 100.00 NOTE
r-release-windows-x86_64 0.5 52.00 119.00 171.00 OK
r-oldrel-macos-arm64 0.5 51.00 NOTE
r-oldrel-windows-x86_64 0.5 47.00 125.00 172.00 OK

Check Details

Version: 0.5
Check: installed package size
Result: NOTE installed size is 6.8Mb sub-directories of 1Mb or more: libs 6.2Mb Flavors: r-release-macos-arm64, r-release-macos-x86_64, r-oldrel-macos-arm64