CRAN Package Check Results for Package MAINT.Data

Last updated on 2022-09-27 19:12:02 CEST.

Flavor Version Tinstall Tcheck Ttotal Status Flags
r-devel-linux-x86_64-debian-clang 2.6.2 224.04 180.71 404.75 OK
r-devel-linux-x86_64-debian-gcc 2.6.2 185.07 132.45 317.52 OK
r-devel-linux-x86_64-fedora-clang 2.6.2 596.32 OK
r-devel-linux-x86_64-fedora-gcc 2.6.2 539.68 OK
r-devel-windows-x86_64 2.6.2 248.00 228.00 476.00 NOTE
r-patched-linux-x86_64 2.6.2 202.63 169.83 372.46 OK
r-release-linux-x86_64 2.6.2 207.10 166.85 373.95 OK
r-release-macos-arm64 2.6.2 122.00 NOTE
r-release-macos-x86_64 2.6.2 204.00 NOTE
r-release-windows-x86_64 2.6.2 344.00 226.00 570.00 NOTE
r-oldrel-macos-arm64 2.6.2 125.00 NOTE
r-oldrel-macos-x86_64 2.6.2 152.00 NOTE
r-oldrel-windows-ix86+x86_64 2.6.2 554.00 272.00 826.00 NOTE

Check Details

Version: 2.6.2
Check: installed package size
Result: NOTE
     installed size is 5.4Mb
     sub-directories of 1Mb or more:
     R 1.5Mb
     data 2.3Mb
     libs 1.3Mb
Flavors: r-devel-windows-x86_64, r-release-macos-arm64, r-release-macos-x86_64, r-release-windows-x86_64, r-oldrel-macos-arm64, r-oldrel-macos-x86_64, r-oldrel-windows-ix86+x86_64