CRAN Package Check Results for Package LogConcDEAD

Last updated on 2021-07-31 19:51:31 CEST.

Flavor Version Tinstall Tcheck Ttotal Status Flags
r-devel-linux-x86_64-debian-clang 1.6-4 23.11 96.69 119.80 OK
r-devel-linux-x86_64-debian-gcc 1.6-4 15.69 74.11 89.80 OK
r-devel-linux-x86_64-fedora-clang 1.6-4 155.93 NOTE
r-devel-linux-x86_64-fedora-gcc 1.6-4 153.54 OK
r-devel-windows-x86_64 1.6-4 26.00 112.00 138.00 OK
r-devel-windows-x86_64-gcc10-UCRT 1.6-4 OK
r-patched-linux-x86_64 1.6-4 OK
r-patched-solaris-x86 1.6-4 203.20 OK
r-release-linux-x86_64 1.6-4 19.42 93.55 112.97 OK
r-release-macos-arm64 1.6-4 OK
r-release-macos-x86_64 1.6-4 OK
r-release-windows-ix86+x86_64 1.6-4 59.00 99.00 158.00 OK
r-oldrel-macos-x86_64 1.6-4 OK
r-oldrel-windows-ix86+x86_64 1.6-4 51.00 139.00 190.00 OK

Check Details

Version: 1.6-4
Check: Rd cross-references
Result: NOTE
    Undeclared packages ‘logcondens’, ‘colorspace’ in Rd xrefs
Flavor: r-devel-linux-x86_64-fedora-clang