CRAN Package Check Results for Package LabourMarketAreas

Last updated on 2021-06-15 01:50:27 CEST.

Flavor Version Tinstall Tcheck Ttotal Status Flags
r-devel-linux-x86_64-debian-clang 3.2.5 19.17 172.62 191.79 OK
r-devel-linux-x86_64-debian-gcc 3.2.5 17.63 128.65 146.28 OK
r-devel-linux-x86_64-fedora-clang 3.2.5 238.61 OK
r-devel-linux-x86_64-fedora-gcc 3.2.5 232.03 OK
r-devel-windows-x86_64 3.2.5 35.00 184.00 219.00 OK
r-devel-windows-x86_64-gcc10-UCRT 3.2.5 ERROR
r-patched-linux-x86_64 3.2.5 18.26 165.52 183.78 OK
r-patched-solaris-x86 3.2.5 331.60 OK
r-release-linux-x86_64 3.2.5 18.02 163.79 181.81 OK
r-release-macos-arm64 3.2.5 OK
r-release-macos-x86_64 3.2.5 OK
r-release-windows-ix86+x86_64 3.2.5 90.00 209.00 299.00 OK
r-oldrel-macos-x86_64 3.2.5 OK
r-oldrel-windows-ix86+x86_64 3.2.5 63.00 252.00 315.00 OK

Check Details

Version: 3.2.5
Check: package dependencies
Result: ERROR
    Package required but not available: 'spdep'
    
    See section 'The DESCRIPTION file' in the 'Writing R Extensions'
    manual.
Flavor: r-devel-windows-x86_64-gcc10-UCRT