Last updated on 2025-01-19 18:49:32 CET.
Flavor | Version | Tinstall | Tcheck | Ttotal | Status | Flags |
---|---|---|---|---|---|---|
r-devel-linux-x86_64-debian-clang | 2.1.5 | 3.04 | 30.02 | 33.06 | NOTE | |
r-devel-linux-x86_64-debian-gcc | 2.1.5 | 2.32 | 22.70 | 25.02 | NOTE | |
r-devel-linux-x86_64-fedora-clang | 2.1.5 | 52.77 | NOTE | |||
r-devel-linux-x86_64-fedora-gcc | 2.1.5 | 49.26 | NOTE | |||
r-devel-windows-x86_64 | 2.1.5 | 4.00 | 50.00 | 54.00 | NOTE | |
r-patched-linux-x86_64 | 2.1.5 | 3.07 | 28.25 | 31.32 | NOTE | |
r-release-linux-x86_64 | 2.1.5 | 2.82 | 28.32 | 31.14 | NOTE | |
r-release-macos-arm64 | 2.1.5 | 20.00 | NOTE | |||
r-release-macos-x86_64 | 2.1.5 | 29.00 | NOTE | |||
r-release-windows-x86_64 | 2.1.5 | 6.00 | 49.00 | 55.00 | NOTE | |
r-oldrel-macos-arm64 | 2.1.5 | 21.00 | OK | |||
r-oldrel-macos-x86_64 | 2.1.5 | 28.00 | OK | |||
r-oldrel-windows-x86_64 | 2.1.5 | 3.00 | 53.00 | 56.00 | OK |
Version: 2.1.5
Check: Rd files
Result: NOTE
checkRd: (-1) LVGP_fit.Rd:47: Lost braces in \itemize; \value handles \item{}{} directly
checkRd: (-1) LVGP_fit.Rd:48: Lost braces in \itemize; \value handles \item{}{} directly
checkRd: (-1) LVGP_fit.Rd:49: Lost braces in \itemize; \value handles \item{}{} directly
checkRd: (-1) LVGP_fit.Rd:50: Lost braces in \itemize; \value handles \item{}{} directly
checkRd: (-1) LVGP_fit.Rd:51: Lost braces in \itemize; \value handles \item{}{} directly
checkRd: (-1) LVGP_fit.Rd:52: Lost braces in \itemize; \value handles \item{}{} directly
checkRd: (-1) LVGP_predict.Rd:20: Lost braces in \itemize; \value handles \item{}{} directly
checkRd: (-1) LVGP_predict.Rd:21: Lost braces in \itemize; \value handles \item{}{} directly
checkRd: (-1) math_example.Rd:21: Lost braces
21 | Data are sampled from the modified math function based on the first example in the paper listed in code{references}.
| ^
Flavors: r-devel-linux-x86_64-debian-clang, r-devel-linux-x86_64-debian-gcc, r-devel-linux-x86_64-fedora-clang, r-devel-linux-x86_64-fedora-gcc, r-devel-windows-x86_64, r-patched-linux-x86_64, r-release-linux-x86_64, r-release-macos-arm64, r-release-macos-x86_64, r-release-windows-x86_64