CRAN Package Check Results for Package LTRCtrees

Last updated on 2024-04-20 12:51:03 CEST.

Flavor Version Tinstall Tcheck Ttotal Status Flags
r-devel-linux-x86_64-debian-clang 1.1.1 2.48 68.83 71.31 NOTE
r-devel-linux-x86_64-debian-gcc 1.1.1 2.38 49.76 52.14 NOTE
r-devel-linux-x86_64-fedora-clang 1.1.1 90.24 NOTE
r-devel-linux-x86_64-fedora-gcc 1.1.1 95.11 NOTE
r-prerel-macos-arm64 1.1.1 32.00 NOTE
r-prerel-macos-x86_64 1.1.1 68.00 NOTE
r-prerel-windows-x86_64 1.1.1 4.00 67.00 71.00 NOTE
r-patched-linux-x86_64 1.1.1 2.95 65.62 68.57 NOTE
r-release-linux-x86_64 1.1.1 2.40 63.64 66.04 NOTE
r-release-macos-arm64 1.1.1 34.00 NOTE
r-release-macos-x86_64 1.1.1 73.00 NOTE
r-release-windows-x86_64 1.1.1 5.00 73.00 78.00 NOTE
r-oldrel-macos-arm64 1.1.1 29.00 NOTE
r-oldrel-windows-x86_64 1.1.1 5.00 72.00 77.00 NOTE

Check Details

Version: 1.1.1
Check: LazyData
Result: NOTE 'LazyData' is specified without a 'data' directory Flavors: r-devel-linux-x86_64-debian-clang, r-devel-linux-x86_64-debian-gcc, r-devel-linux-x86_64-fedora-clang, r-devel-linux-x86_64-fedora-gcc, r-prerel-macos-arm64, r-prerel-macos-x86_64, r-prerel-windows-x86_64, r-patched-linux-x86_64, r-release-linux-x86_64, r-release-macos-arm64, r-release-macos-x86_64, r-release-windows-x86_64, r-oldrel-macos-arm64, r-oldrel-windows-x86_64

Version: 1.1.1
Check: dependencies in R code
Result: NOTE Namespaces in Imports field not imported from: ‘Icens’ ‘interval’ All declared Imports should be used. Flavors: r-devel-linux-x86_64-fedora-clang, r-devel-linux-x86_64-fedora-gcc