CRAN Package Check Results for Package LTRCforests

Last updated on 2021-11-26 19:52:55 CET.

Flavor Version Tinstall Tcheck Ttotal Status Flags
r-devel-linux-x86_64-debian-clang 0.5.5 27.46 109.15 136.61 OK
r-devel-linux-x86_64-debian-gcc 0.5.5 25.34 82.40 107.74 OK
r-devel-linux-x86_64-fedora-clang 0.5.5 183.89 OK
r-devel-linux-x86_64-fedora-gcc 0.5.5 174.46 OK
r-devel-windows-x86_64-new-UL 0.5.5 54.00 143.00 197.00 OK
r-devel-windows-x86_64-new-TK 0.5.5 OK
r-devel-windows-x86_64-old 0.5.5 34.00 135.00 169.00 OK
r-patched-linux-x86_64 0.5.5 30.32 104.89 135.21 OK
r-patched-solaris-x86 0.5.5 242.70 OK
r-release-linux-x86_64 0.5.5 OK
r-release-macos-arm64 0.5.5 NOTE
r-release-macos-x86_64 0.5.5 OK
r-release-windows-ix86+x86_64 0.5.5 74.00 129.00 203.00 OK
r-oldrel-macos-x86_64 0.5.5 OK
r-oldrel-windows-ix86+x86_64 0.5.5 57.00 172.00 229.00 OK

Check Details

Version: 0.5.5
Check: package dependencies
Result: NOTE
    Package suggested but not available for checking: ‘LTRCtrees’
Flavor: r-release-macos-arm64

Version: 0.5.5
Check: Rd cross-references
Result: NOTE
    Package unavailable to check Rd xrefs: ‘LTRCtrees’
Flavor: r-release-macos-arm64