CRAN Package Check Results for Package LOST

Last updated on 2021-08-01 07:51:52 CEST.

Flavor Version Tinstall Tcheck Ttotal Status Flags
r-devel-linux-x86_64-debian-clang 2.0.2 12.16 119.93 132.09 OK
r-devel-linux-x86_64-debian-gcc 2.0.2 11.31 90.46 101.77 OK
r-devel-linux-x86_64-fedora-clang 2.0.2 165.29 OK
r-devel-linux-x86_64-fedora-gcc 2.0.2 154.52 OK
r-devel-windows-x86_64 2.0.2 19.00 134.00 153.00 OK
r-devel-windows-x86_64-gcc10-UCRT 2.0.2 OK
r-patched-linux-x86_64 2.0.2 OK
r-patched-solaris-x86 2.0.2 212.60 OK
r-release-linux-x86_64 2.0.2 12.10 111.76 123.86 OK
r-release-macos-arm64 2.0.2 ERROR
r-release-macos-x86_64 2.0.2 OK
r-release-windows-ix86+x86_64 2.0.2 33.00 100.00 133.00 OK
r-oldrel-macos-x86_64 2.0.2 OK
r-oldrel-windows-ix86+x86_64 2.0.2 43.00 143.00 186.00 OK

Check Details

Version: 2.0.2
Check: package dependencies
Result: ERROR
    Package required but not available: ‘pcaMethods’
    
    See section ‘The DESCRIPTION file’ in the ‘Writing R Extensions’
    manual.
Flavor: r-release-macos-arm64