CRAN Package Check Results for Package LEAPFrOG

Last updated on 2021-09-19 13:49:16 CEST.

Flavor Version Tinstall Tcheck Ttotal Status Flags
r-devel-linux-x86_64-debian-clang 1.0.7 3.30 31.76 35.06 NOTE
r-devel-linux-x86_64-debian-gcc 1.0.7 2.68 24.74 27.42 NOTE
r-devel-linux-x86_64-fedora-clang 1.0.7 51.12 NOTE
r-devel-linux-x86_64-fedora-gcc 1.0.7 41.11 NOTE
r-devel-windows-x86_64 1.0.7 4.00 42.00 46.00 NOTE
r-devel-windows-x86_64-gcc10-UCRT 1.0.7 ERROR
r-patched-linux-x86_64 1.0.7 3.15 31.38 34.53 NOTE
r-patched-solaris-x86 1.0.7 70.40 NOTE
r-release-linux-x86_64 1.0.7 3.10 30.74 33.84 NOTE
r-release-macos-arm64 1.0.7 NOTE
r-release-macos-x86_64 1.0.7 NOTE
r-release-windows-ix86+x86_64 1.0.7 6.00 48.00 54.00 NOTE
r-oldrel-macos-x86_64 1.0.7 NOTE
r-oldrel-windows-ix86+x86_64 1.0.7 6.00 39.00 45.00 NOTE

Check Details

Version: 1.0.7
Check: R code for possible problems
Result: NOTE
    BEAPFrOG: no visible global function definition for 'jags.model'
    BEAPFrOG: no visible global function definition for 'coda.samples'
    LEAPFrOG_EM: no visible global function definition for 'write.table'
    LEAPFrOG_EM: no visible global function definition for 'constrOptim'
    LEAPFrOG_plot: no visible global function definition for 'par'
    LEAPFrOG_plot: no visible global function definition for 'barplot'
    LEAPFrOG_plot: no visible global function definition for 'legend'
    constrOptim2: no visible global function definition for 'optim'
    Undefined global functions or variables:
     barplot coda.samples constrOptim jags.model legend optim par
     write.table
    Consider adding
     importFrom("graphics", "barplot", "legend", "par")
     importFrom("stats", "constrOptim", "optim")
     importFrom("utils", "write.table")
    to your NAMESPACE file.
Flavors: r-devel-linux-x86_64-debian-clang, r-devel-linux-x86_64-debian-gcc, r-devel-linux-x86_64-fedora-clang, r-devel-linux-x86_64-fedora-gcc, r-devel-windows-x86_64, r-devel-windows-x86_64-gcc10-UCRT, r-patched-linux-x86_64, r-patched-solaris-x86, r-release-linux-x86_64, r-release-macos-arm64, r-release-macos-x86_64, r-release-windows-ix86+x86_64, r-oldrel-macos-x86_64, r-oldrel-windows-ix86+x86_64

Version: 1.0.7
Check: whether package can be installed
Result: WARN
    Found the following significant warnings:
     WARNING: installation-time patches will not be applied, could not get the patches index
Flavor: r-devel-windows-x86_64-gcc10-UCRT

Version: 1.0.7
Check: PDF version of manual
Result: WARN
    LaTeX errors when creating PDF version.
    This typically indicates Rd problems.
Flavor: r-devel-windows-x86_64-gcc10-UCRT

Version: 1.0.7
Check: PDF version of manual without hyperrefs or index
Result: ERROR
    Re-running with no redirection of stdout/stderr.
Flavor: r-devel-windows-x86_64-gcc10-UCRT

Version: 1.0.7
Check: package dependencies
Result: NOTE
    Package suggested but not available for checking: ‘rjags’
Flavor: r-release-macos-arm64