CRAN Package Check Results for Package L1mstate

Last updated on 2022-10-02 12:55:56 CEST.

Flavor Version Tinstall Tcheck Ttotal Status Flags
r-devel-linux-x86_64-debian-clang 1.0.1 44.47 117.00 161.47 OK
r-devel-linux-x86_64-debian-gcc 1.0.1 33.25 82.56 115.81 OK
r-devel-linux-x86_64-fedora-clang 1.0.1 209.84 OK
r-devel-linux-x86_64-fedora-gcc 1.0.1 211.46 OK
r-devel-windows-x86_64 1.0.1 37.00 151.00 188.00 OK
r-patched-linux-x86_64 1.0.1 32.20 106.59 138.79 OK
r-release-linux-x86_64 1.0.1 35.32 109.51 144.83 OK
r-release-macos-arm64 1.0.1 47.00 OK
r-release-macos-x86_64 1.0.1 67.00 OK
r-release-windows-x86_64 1.0.1 50.00 146.00 196.00 OK
r-oldrel-macos-arm64 1.0.1 58.00 NOTE
r-oldrel-macos-x86_64 1.0.1 64.00 OK
r-oldrel-windows-ix86+x86_64 1.0.1 90.00 197.00 287.00 OK

Check Details

Version: 1.0.1
Check: installed package size
Result: NOTE
     installed size is 5.1Mb
     sub-directories of 1Mb or more:
     libs 5.0Mb
Flavor: r-oldrel-macos-arm64