CRAN Package Check Results for Package KenSyn

Last updated on 2024-06-15 00:54:09 CEST.

Flavor Version Tinstall Tcheck Ttotal Status Flags
r-devel-linux-x86_64-debian-clang 0.3 2.31 21.49 23.80 OK
r-devel-linux-x86_64-debian-gcc 0.3 2.01 17.05 19.06 OK
r-devel-linux-x86_64-fedora-clang 0.3 30.96 NOTE
r-devel-linux-x86_64-fedora-gcc 0.3 29.05 NOTE
r-devel-windows-x86_64 0.3 4.00 40.00 44.00 OK
r-patched-linux-x86_64 0.3 1.63 21.31 22.94 OK
r-release-linux-x86_64 0.3 1.64 20.43 22.07 OK
r-release-macos-arm64 0.3 15.00 OK
r-release-macos-x86_64 0.3 20.00 OK
r-release-windows-x86_64 0.3 4.00 42.00 46.00 OK
r-oldrel-macos-arm64 0.3 18.00 OK
r-oldrel-macos-x86_64 0.3 19.00 OK
r-oldrel-windows-x86_64 0.3 4.00 43.00 47.00 OK

Check Details

Version: 0.3
Check: dependencies in R code
Result: NOTE Namespaces in Imports field not imported from: ‘lme4’ ‘metafor’ ‘nlme’ All declared Imports should be used. Flavors: r-devel-linux-x86_64-fedora-clang, r-devel-linux-x86_64-fedora-gcc