CRAN Package Check Results for Package JMI

Last updated on 2022-09-30 12:55:11 CEST.

Flavor Version Tinstall Tcheck Ttotal Status Flags
r-devel-linux-x86_64-debian-clang 0.1.0 33.54 27.27 60.81 NOTE
r-devel-linux-x86_64-debian-gcc 0.1.0 26.97 21.18 48.15 NOTE
r-devel-linux-x86_64-fedora-clang 0.1.0 98.63 NOTE
r-devel-linux-x86_64-fedora-gcc 0.1.0 92.83 NOTE
r-devel-windows-x86_64 0.1.0 28.00 72.00 100.00 NOTE
r-patched-linux-x86_64 0.1.0 28.15 26.90 55.05 NOTE
r-release-linux-x86_64 0.1.0 24.75 26.86 51.61 NOTE
r-release-macos-arm64 0.1.0 25.00 NOTE
r-release-macos-x86_64 0.1.0 33.00 NOTE
r-release-windows-x86_64 0.1.0 32.00 80.00 112.00 NOTE
r-oldrel-macos-arm64 0.1.0 29.00 NOTE
r-oldrel-macos-x86_64 0.1.0 47.00 NOTE
r-oldrel-windows-ix86+x86_64 0.1.0 87.00 71.00 158.00 NOTE

Check Details

Version: 0.1.0
Check: LazyData
Result: NOTE
     'LazyData' is specified without a 'data' directory
Flavors: r-devel-linux-x86_64-debian-clang, r-devel-linux-x86_64-debian-gcc, r-devel-linux-x86_64-fedora-clang, r-devel-linux-x86_64-fedora-gcc, r-devel-windows-x86_64, r-patched-linux-x86_64, r-release-linux-x86_64, r-release-macos-arm64, r-release-macos-x86_64, r-release-windows-x86_64, r-oldrel-macos-arm64, r-oldrel-macos-x86_64, r-oldrel-windows-ix86+x86_64