CRAN Package Check Results for Package JBrowseR

Last updated on 2021-07-26 01:50:18 CEST.

Flavor Version Tinstall Tcheck Ttotal Status Flags
r-devel-linux-x86_64-debian-clang 0.8.1 3.31 36.86 40.17 OK
r-devel-linux-x86_64-debian-gcc 0.8.1 2.23 29.05 31.28 OK
r-devel-linux-x86_64-fedora-clang 0.8.1 56.56 NOTE
r-devel-linux-x86_64-fedora-gcc 0.8.1 48.37 NOTE
r-devel-windows-x86_64 0.8.1 6.00 57.00 63.00 OK
r-devel-windows-x86_64-gcc10-UCRT 0.8.1 NOTE
r-patched-linux-x86_64 0.8.1 3.30 35.44 38.74 OK
r-patched-solaris-x86 0.8.1 69.60 NOTE
r-release-linux-x86_64 0.8.1 2.08 36.00 38.08 OK
r-release-macos-arm64 0.8.1 NOTE
r-release-macos-x86_64 0.8.1 NOTE
r-release-windows-ix86+x86_64 0.8.1 7.00 55.00 62.00 OK
r-oldrel-macos-x86_64 0.8.1 NOTE
r-oldrel-windows-ix86+x86_64 0.8.1 6.00 53.00 59.00 OK

Check Details

Version: 0.8.1
Check: dependencies in R code
Result: NOTE
    Namespace in Imports field not imported from: ‘ids’
     All declared Imports should be used.
Flavors: r-devel-linux-x86_64-fedora-clang, r-devel-linux-x86_64-fedora-gcc, r-devel-windows-x86_64-gcc10-UCRT, r-patched-solaris-x86, r-release-macos-arm64, r-release-macos-x86_64, r-oldrel-macos-x86_64