CRAN Package Check Results for Package IsoCor

Last updated on 2023-01-30 00:31:15 CET.

Flavor Version Tinstall Tcheck Ttotal Status Flags
r-devel-linux-x86_64-debian-clang 0.1.40 8.45 59.91 68.36 OK
r-devel-linux-x86_64-debian-gcc 0.1.40 6.44 46.26 52.70 OK
r-devel-linux-x86_64-fedora-clang 0.1.40 83.35 NOTE
r-devel-linux-x86_64-fedora-gcc 0.1.40 87.14 NOTE
r-devel-windows-x86_64 0.1.40 17.00 93.00 110.00 OK
r-patched-linux-x86_64 0.1.40 9.03 61.16 70.19 OK
r-release-linux-x86_64 0.1.40 7.91 61.20 69.11 OK
r-release-macos-arm64 0.1.40 29.00 NOTE
r-release-macos-x86_64 0.1.40 39.00 NOTE
r-release-windows-x86_64 0.1.40 26.00 93.00 119.00 OK
r-oldrel-macos-arm64 0.1.40 30.00 NOTE
r-oldrel-macos-x86_64 0.1.40 44.00 NOTE
r-oldrel-windows-ix86+x86_64 0.1.40 18.00 88.00 106.00 OK

Check Details

Version: 0.1.40
Check: dependencies in R code
Result: NOTE
    Namespace in Imports field not imported from: ‘rmarkdown’
     All declared Imports should be used.
Flavors: r-devel-linux-x86_64-fedora-clang, r-devel-linux-x86_64-fedora-gcc, r-release-macos-arm64, r-release-macos-x86_64, r-oldrel-macos-arm64, r-oldrel-macos-x86_64