CRAN Package Check Results for Package InterpretMSSpectrum

Last updated on 2021-08-01 07:51:50 CEST.

Flavor Version Tinstall Tcheck Ttotal Status Flags
r-devel-linux-x86_64-debian-clang 1.2 5.41 48.54 53.95 OK
r-devel-linux-x86_64-debian-gcc 1.2 4.54 36.71 41.25 OK
r-devel-linux-x86_64-fedora-clang 1.2 73.63 OK
r-devel-linux-x86_64-fedora-gcc 1.2 63.84 OK
r-devel-windows-x86_64 1.2 6.00 68.00 74.00 OK
r-devel-windows-x86_64-gcc10-UCRT 1.2 OK
r-patched-linux-x86_64 1.2 OK
r-patched-solaris-x86 1.2 90.20 OK
r-release-linux-x86_64 1.2 5.32 46.18 51.50 OK
r-release-macos-arm64 1.2 ERROR
r-release-macos-x86_64 1.2 ERROR
r-release-windows-ix86+x86_64 1.2 12.00 51.00 63.00 OK
r-oldrel-macos-x86_64 1.2 ERROR
r-oldrel-windows-ix86+x86_64 1.2 7.00 68.00 75.00 OK

Check Details

Version: 1.2
Check: package dependencies
Result: ERROR
    Package required but not available: ‘Rdisop’
    
    See section ‘The DESCRIPTION file’ in the ‘Writing R Extensions’
    manual.
Flavors: r-release-macos-arm64, r-release-macos-x86_64, r-oldrel-macos-x86_64