CRAN Package Check Results for Package InterfaceqPCR

Last updated on 2022-10-03 18:52:10 CEST.

Flavor Version Tinstall Tcheck Ttotal Status Flags
r-devel-linux-x86_64-debian-clang 1.0 14.36 95.34 109.70 NOTE
r-devel-linux-x86_64-debian-gcc 1.0 10.53 71.25 81.78 NOTE
r-devel-linux-x86_64-fedora-clang 1.0 142.23 NOTE
r-devel-linux-x86_64-fedora-gcc 1.0 145.73 NOTE
r-devel-windows-x86_64 1.0 22.00 101.00 123.00 NOTE
r-patched-linux-x86_64 1.0 11.21 98.97 110.18 NOTE
r-release-linux-x86_64 1.0 15.23 98.16 113.39 NOTE
r-release-macos-arm64 1.0 57.00 NOTE
r-release-macos-x86_64 1.0 80.00 NOTE
r-release-windows-x86_64 1.0 27.00 94.00 121.00 NOTE
r-oldrel-macos-arm64 1.0 81.00 NOTE
r-oldrel-macos-x86_64 1.0 88.00 NOTE
r-oldrel-windows-ix86+x86_64 1.0 22.00 99.00 121.00 NOTE

Check Details

Version: 1.0
Check: LazyData
Result: NOTE
     'LazyData' is specified without a 'data' directory
Flavors: r-devel-linux-x86_64-debian-clang, r-devel-linux-x86_64-debian-gcc, r-devel-linux-x86_64-fedora-clang, r-devel-linux-x86_64-fedora-gcc, r-devel-windows-x86_64, r-patched-linux-x86_64, r-release-linux-x86_64, r-release-macos-arm64, r-release-macos-x86_64, r-release-windows-x86_64, r-oldrel-macos-arm64, r-oldrel-macos-x86_64, r-oldrel-windows-ix86+x86_64