CRAN Package Check Results for Package InterVA5

Last updated on 2021-08-01 07:51:50 CEST.

Flavor Version Tinstall Tcheck Ttotal Status Flags
r-devel-linux-x86_64-debian-clang 1.1.3 4.63 126.66 131.29 OK
r-devel-linux-x86_64-debian-gcc 1.1.3 3.44 168.21 171.65 OK
r-devel-linux-x86_64-fedora-clang 1.1.3 267.86 NOTE
r-devel-linux-x86_64-fedora-gcc 1.1.3 250.68 NOTE
r-devel-windows-x86_64 1.1.3 5.00 187.00 192.00 OK
r-devel-windows-x86_64-gcc10-UCRT 1.1.3 NOTE
r-patched-linux-x86_64 1.1.3 OK
r-patched-solaris-x86 1.1.3 318.90 NOTE
r-release-linux-x86_64 1.1.3 4.42 208.02 212.44 OK
r-release-macos-arm64 1.1.3 NOTE
r-release-macos-x86_64 1.1.3 NOTE
r-release-windows-ix86+x86_64 1.1.3 8.00 139.00 147.00 OK
r-oldrel-macos-x86_64 1.1.3 NOTE
r-oldrel-windows-ix86+x86_64 1.1.3 7.00 143.00 150.00 OK

Check Details

Version: 1.1.3
Check: dependencies in R code
Result: NOTE
    Namespaces in Imports field not imported from:
     ‘curl’ ‘readxl’
     All declared Imports should be used.
Flavors: r-devel-linux-x86_64-fedora-clang, r-devel-linux-x86_64-fedora-gcc, r-devel-windows-x86_64-gcc10-UCRT, r-patched-solaris-x86, r-release-macos-arm64, r-release-macos-x86_64, r-oldrel-macos-x86_64