CRAN Package Check Results for Package InSilicoVA

Last updated on 2021-09-25 19:50:05 CEST.

Flavor Version Tinstall Tcheck Ttotal Status Flags
r-devel-linux-x86_64-debian-clang 1.3.4 11.14 87.64 98.78 OK
r-devel-linux-x86_64-debian-gcc 1.3.4 8.75 65.49 74.24 OK
r-devel-linux-x86_64-fedora-clang 1.3.4 126.25 OK
r-devel-linux-x86_64-fedora-gcc 1.3.4 113.00 OK
r-devel-windows-x86_64 1.3.4 13.00 86.00 99.00 OK
r-devel-windows-x86_64-gcc10-UCRT 1.3.4 OK
r-patched-linux-x86_64 1.3.4 16.67 83.01 99.68 OK
r-patched-solaris-x86 1.3.4 169.00 NOTE
r-release-linux-x86_64 1.3.4 7.41 82.73 90.14 OK
r-release-macos-arm64 1.3.4 OK
r-release-macos-x86_64 1.3.4 OK
r-release-windows-ix86+x86_64 1.3.4 23.00 108.00 131.00 OK
r-oldrel-macos-x86_64 1.3.4 OK
r-oldrel-windows-ix86+x86_64 1.3.4 17.00 83.00 100.00 OK

Check Details

Version: 1.3.4
Check: installed package size
Result: NOTE
     installed size is 5.0Mb
     sub-directories of 1Mb or more:
     java 4.4Mb
Flavor: r-patched-solaris-x86