CRAN Package Check Results for Package ISRaD

Last updated on 2021-06-20 13:48:59 CEST.

Flavor Version Tinstall Tcheck Ttotal Status Flags
r-devel-linux-x86_64-debian-clang 1.7.8 14.45 114.19 128.64 OK
r-devel-linux-x86_64-debian-gcc 1.7.8 10.55 84.38 94.93 OK
r-devel-linux-x86_64-fedora-clang 1.7.8 159.95 NOTE
r-devel-linux-x86_64-fedora-gcc 1.7.8 147.13 NOTE
r-devel-windows-x86_64 1.7.8 23.00 160.00 183.00 OK
r-devel-windows-x86_64-gcc10-UCRT 1.7.8 ERROR
r-patched-linux-x86_64 1.7.8 17.41 108.15 125.56 OK
r-patched-solaris-x86 1.7.8 212.70 NOTE
r-release-linux-x86_64 1.7.8 9.47 107.59 117.06 OK
r-release-macos-arm64 1.7.8 NOTE
r-release-macos-x86_64 1.7.8 NOTE
r-release-windows-ix86+x86_64 1.7.8 30.00 134.00 164.00 OK
r-oldrel-macos-x86_64 1.7.8 NOTE
r-oldrel-windows-ix86+x86_64 1.7.8 22.00 122.00 144.00 OK

Check Details

Version: 1.7.8
Check: data for non-ASCII characters
Result: NOTE
     Note: found 1 marked UTF-8 string
Flavors: r-devel-linux-x86_64-fedora-clang, r-devel-linux-x86_64-fedora-gcc, r-patched-solaris-x86, r-release-macos-arm64, r-release-macos-x86_64, r-oldrel-macos-x86_64

Version: 1.7.8
Check: package dependencies
Result: ERROR
    Package required but not available: 'httr'
    
    Package suggested but not available for checking: 'devtools'
    
    See section 'The DESCRIPTION file' in the 'Writing R Extensions'
    manual.
Flavor: r-devel-windows-x86_64-gcc10-UCRT

Version: 1.7.8
Check: package dependencies
Result: NOTE
    Package suggested but not available for checking: ‘rgdal’
Flavor: r-release-macos-arm64