CRAN Package Check Results for Package ISEtools

Last updated on 2021-09-25 22:54:08 CEST.

Flavor Version Tinstall Tcheck Ttotal Status Flags
r-devel-linux-x86_64-debian-clang 3.1.1.1 3.55 41.22 44.77 OK
r-devel-linux-x86_64-debian-gcc 3.1.1.1 3.72 32.01 35.73 OK
r-devel-linux-x86_64-fedora-clang 3.1.1.1 65.49 OK
r-devel-linux-x86_64-fedora-gcc 3.1.1.1 56.06 OK
r-devel-windows-x86_64 3.1.1.1 5.00 46.00 51.00 OK
r-devel-windows-x86_64-gcc10-UCRT 3.1.1.1 NOTE
r-patched-linux-x86_64 3.1.1.1 4.77 40.14 44.91 OK
r-patched-solaris-x86 3.1.1.1 76.30 NOTE
r-release-linux-x86_64 3.1.1.1 3.85 40.27 44.12 OK
r-release-macos-arm64 3.1.1.1 NOTE
r-release-macos-x86_64 3.1.1.1 NOTE
r-release-windows-ix86+x86_64 3.1.1.1 8.00 56.00 64.00 OK
r-oldrel-macos-x86_64 3.1.1.1 NOTE
r-oldrel-windows-ix86+x86_64 3.1.1.1 6.00 43.00 49.00 OK

Additional issues

noSuggests

Check Details

Version: 3.1.1.1
Check: package dependencies
Result: NOTE
    Package suggested but not available for checking: 'BRugs'
Flavors: r-devel-windows-x86_64-gcc10-UCRT, r-patched-solaris-x86, r-release-macos-arm64, r-release-macos-x86_64, r-oldrel-macos-x86_64