CRAN Package Check Results for Package IOHanalyzer

Last updated on 2022-05-18 00:53:15 CEST.

Flavor Version Tinstall Tcheck Ttotal Status Flags
r-devel-linux-x86_64-debian-clang 0.1.6.3 45.09 156.60 201.69 OK
r-devel-linux-x86_64-debian-gcc 0.1.6.3 37.26 108.18 145.44 OK
r-devel-linux-x86_64-fedora-clang 0.1.6.3 244.02 NOTE
r-devel-linux-x86_64-fedora-gcc 0.1.6.3 230.34 NOTE
r-devel-windows-x86_64 0.1.6.3 218.00 212.00 430.00 OK
r-patched-linux-x86_64 0.1.6.3 28.24 135.95 164.19 OK
r-release-linux-x86_64 0.1.6.3 30.36 136.51 166.87 OK
r-release-macos-arm64 0.1.6.3 61.00 NOTE
r-release-macos-x86_64 0.1.6.3 118.00 NOTE
r-release-windows-x86_64 0.1.6.3 256.00 209.00 465.00 OK
r-oldrel-macos-arm64 0.1.6.3 51.00 NOTE
r-oldrel-macos-x86_64 0.1.6.3 83.00 NOTE
r-oldrel-windows-ix86+x86_64 0.1.6.3 114.00 290.00 404.00 NOTE

Check Details

Version: 0.1.6.3
Check: data for non-ASCII characters
Result: NOTE
     Note: found 102 marked UTF-8 strings
Flavors: r-devel-linux-x86_64-fedora-clang, r-devel-linux-x86_64-fedora-gcc, r-release-macos-arm64, r-release-macos-x86_64, r-oldrel-macos-arm64, r-oldrel-macos-x86_64

Version: 0.1.6.3
Check: package dependencies
Result: NOTE
    Package suggested but not available for checking: ‘ComplexHeatmap’
Flavor: r-release-macos-arm64

Version: 0.1.6.3
Check: installed package size
Result: NOTE
     installed size is 5.2Mb
     sub-directories of 1Mb or more:
     data 1.4Mb
     libs 2.1Mb
Flavors: r-oldrel-macos-arm64, r-oldrel-windows-ix86+x86_64